CRAN Package Check Results for Package discretecdAlgorithm

Last updated on 2021-11-28 23:50:25 CET.

Flavor Version Tinstall Tcheck Ttotal Status Flags
r-devel-linux-x86_64-debian-clang 0.0.7 NOTE
r-devel-linux-x86_64-debian-gcc 0.0.7 46.32 32.42 78.74 NOTE
r-devel-linux-x86_64-fedora-clang 0.0.7 175.61 NOTE
r-devel-linux-x86_64-fedora-gcc 0.0.7 140.66 NOTE
r-devel-windows-x86_64-new-UL 0.0.7 85.00 133.00 218.00 NOTE
r-devel-windows-x86_64-new-TK 0.0.7 NOTE
r-devel-windows-x86_64-old 0.0.7 57.00 94.00 151.00 NOTE
r-patched-linux-x86_64 0.0.7 57.44 40.42 97.86 NOTE
r-patched-solaris-x86 0.0.7 136.70 NOTE
r-release-linux-x86_64 0.0.7 58.29 40.96 99.25 NOTE
r-release-macos-arm64 0.0.7 NOTE
r-release-macos-x86_64 0.0.7 NOTE
r-release-windows-ix86+x86_64 0.0.7 137.00 80.00 217.00 NOTE
r-oldrel-macos-x86_64 0.0.7 NOTE
r-oldrel-windows-ix86+x86_64 0.0.7 106.00 101.00 207.00 OK

Check Details

Version: 0.0.7
Check: LazyData
Result: NOTE
     'LazyData' is specified without a 'data' directory
Flavors: r-devel-linux-x86_64-debian-clang, r-devel-linux-x86_64-debian-gcc, r-devel-linux-x86_64-fedora-clang, r-devel-linux-x86_64-fedora-gcc, r-devel-windows-x86_64-new-UL, r-devel-windows-x86_64-new-TK, r-devel-windows-x86_64-old, r-patched-linux-x86_64, r-patched-solaris-x86, r-release-linux-x86_64, r-release-macos-arm64, r-release-macos-x86_64, r-release-windows-ix86+x86_64

Version: 0.0.7
Check: installed package size
Result: NOTE
     installed size is 8.9Mb
     sub-directories of 1Mb or more:
     libs 8.7Mb
Flavors: r-devel-linux-x86_64-fedora-clang, r-release-macos-arm64, r-release-macos-x86_64, r-oldrel-macos-x86_64