CRAN Package Check Results for Package directotree

Last updated on 2021-12-01 23:51:35 CET.

Flavor Version Tinstall Tcheck Ttotal Status Flags
r-devel-linux-x86_64-debian-clang 1.0.0 2.40 24.98 27.38 NOTE
r-devel-linux-x86_64-debian-gcc 1.0.0 2.02 19.82 21.84 NOTE
r-devel-linux-x86_64-fedora-clang 1.0.0 44.48 NOTE
r-devel-linux-x86_64-fedora-gcc 1.0.0 33.88 NOTE
r-devel-windows-x86_64-new-UL 1.0.0 6.00 57.00 63.00 NOTE
r-devel-windows-x86_64-new-TK 1.0.0 NOTE
r-devel-windows-x86_64-old 1.0.0 5.00 31.00 36.00 NOTE
r-patched-linux-x86_64 1.0.0 2.64 23.89 26.53 NOTE
r-patched-solaris-x86 1.0.0 54.80 NOTE
r-release-linux-x86_64 1.0.0 2.65 23.85 26.50 NOTE
r-release-macos-arm64 1.0.0 NOTE
r-release-macos-x86_64 1.0.0 NOTE
r-release-windows-ix86+x86_64 1.0.0 7.00 43.00 50.00 NOTE
r-oldrel-macos-x86_64 1.0.0 OK
r-oldrel-windows-ix86+x86_64 1.0.0 6.00 44.00 50.00 OK

Check Details

Version: 1.0.0
Check: LazyData
Result: NOTE
     'LazyData' is specified without a 'data' directory
Flavors: r-devel-linux-x86_64-debian-clang, r-devel-linux-x86_64-debian-gcc, r-devel-linux-x86_64-fedora-clang, r-devel-linux-x86_64-fedora-gcc, r-devel-windows-x86_64-new-UL, r-devel-windows-x86_64-new-TK, r-devel-windows-x86_64-old, r-patched-linux-x86_64, r-patched-solaris-x86, r-release-linux-x86_64, r-release-macos-arm64, r-release-macos-x86_64, r-release-windows-ix86+x86_64