CRAN Package Check Results for Package dint

Last updated on 2022-01-22 23:52:07 CET.

Flavor Version Tinstall Tcheck Ttotal Status Flags
r-devel-linux-x86_64-debian-clang 2.1.3 3.33 66.06 69.39 NOTE
r-devel-linux-x86_64-debian-gcc 2.1.3 3.33 50.20 53.53 NOTE
r-devel-linux-x86_64-fedora-clang 2.1.3 86.34 NOTE
r-devel-linux-x86_64-fedora-gcc 2.1.3 74.31 NOTE
r-devel-windows-x86_64-new-UL 2.1.3 71.00 93.00 164.00 NOTE
r-devel-windows-x86_64-new-TK 2.1.3 NOTE
r-patched-linux-x86_64 2.1.3 5.44 61.85 67.29 NOTE
r-release-linux-x86_64 2.1.3 4.39 61.46 65.85 NOTE
r-release-macos-arm64 2.1.3 NOTE
r-release-macos-x86_64 2.1.3 NOTE
r-release-windows-ix86+x86_64 2.1.3 10.00 80.00 90.00 NOTE
r-oldrel-macos-x86_64 2.1.3 OK
r-oldrel-windows-ix86+x86_64 2.1.3 10.00 81.00 91.00 OK

Check Details

Version: 2.1.3
Check: LazyData
Result: NOTE
     'LazyData' is specified without a 'data' directory
Flavors: r-devel-linux-x86_64-debian-clang, r-devel-linux-x86_64-debian-gcc, r-devel-linux-x86_64-fedora-clang, r-devel-linux-x86_64-fedora-gcc, r-devel-windows-x86_64-new-UL, r-devel-windows-x86_64-new-TK, r-patched-linux-x86_64, r-release-linux-x86_64, r-release-macos-arm64, r-release-macos-x86_64, r-release-windows-ix86+x86_64