CRAN Package Check Results for Package diffeqr

Last updated on 2022-01-24 23:54:24 CET.

Flavor Version Tinstall Tcheck Ttotal Status Flags
r-devel-linux-x86_64-debian-clang 1.1.1 3.74 41.53 45.27 OK
r-devel-linux-x86_64-debian-gcc 1.1.1 2.30 32.18 34.48 OK
r-devel-linux-x86_64-fedora-clang 1.1.1 54.15 NOTE
r-devel-linux-x86_64-fedora-gcc 1.1.1 43.02 OK
r-devel-windows-x86_64-new-UL 1.1.1 28.00 77.00 105.00 NOTE
r-devel-windows-x86_64-new-TK 1.1.1 OK
r-patched-linux-x86_64 1.1.1 3.68 41.37 45.05 OK
r-release-linux-x86_64 1.1.1 3.52 41.28 44.80 OK
r-release-macos-arm64 1.1.1 NOTE
r-release-macos-x86_64 1.1.1 NOTE
r-release-windows-ix86+x86_64 1.1.1 8.00 55.00 63.00 NOTE
r-oldrel-macos-x86_64 1.1.1 NOTE
r-oldrel-windows-ix86+x86_64 1.1.1 9.00 59.00 68.00 NOTE

Check Details

Version: 1.1.1
Check: installed package size
Result: NOTE
     installed size is 10.9Mb
     sub-directories of 1Mb or more:
     doc 10.8Mb
Flavors: r-devel-linux-x86_64-fedora-clang, r-devel-windows-x86_64-new-UL, r-release-macos-arm64, r-release-macos-x86_64, r-release-windows-ix86+x86_64, r-oldrel-macos-x86_64, r-oldrel-windows-ix86+x86_64