CRAN Package Check Results for Package diffeR

Last updated on 2024-06-14 00:53:39 CEST.

Flavor Version Tinstall Tcheck Ttotal Status Flags
r-devel-linux-x86_64-debian-clang 0.0-8 34.06 325.54 359.60 OK
r-devel-linux-x86_64-debian-gcc 0.0-8 0.45 1.72 2.17 ERROR
r-devel-linux-x86_64-fedora-clang 0.0-8 431.23 OK
r-devel-linux-x86_64-fedora-gcc 0.0-8 402.41 OK
r-devel-windows-x86_64 0.0-8 25.00 191.00 216.00 OK
r-patched-linux-x86_64 0.0-8 34.41 299.84 334.25 OK
r-release-linux-x86_64 0.0-8 28.89 306.78 335.67 OK
r-release-macos-arm64 0.0-8 94.00 OK
r-release-macos-x86_64 0.0-8 154.00 OK
r-release-windows-x86_64 0.0-8 28.00 190.00 218.00 OK
r-oldrel-macos-arm64 0.0-8 93.00 OK
r-oldrel-macos-x86_64 0.0-8 215.00 OK
r-oldrel-windows-x86_64 0.0-8 36.00 258.00 294.00 OK

Check Details

Version: 0.0-8
Check: package dependencies
Result: ERROR Packages required but not available: 'ggplot2', 'tidyr', 'tidyselect' See section ‘The DESCRIPTION file’ in the ‘Writing R Extensions’ manual. Flavor: r-devel-linux-x86_64-debian-gcc