Last updated on 2023-05-29 00:59:32 CEST.
Flavor | Version | Tinstall | Tcheck | Ttotal | Status | Flags |
---|---|---|---|---|---|---|
r-devel-linux-x86_64-debian-clang | 0.3.0 | 39.94 | 64.79 | 104.73 | NOTE | |
r-devel-linux-x86_64-debian-gcc | 0.3.0 | 31.89 | 46.76 | 78.65 | NOTE | |
r-devel-linux-x86_64-fedora-clang | 0.3.0 | 143.33 | NOTE | |||
r-devel-linux-x86_64-fedora-gcc | 0.3.0 | 131.62 | NOTE | |||
r-devel-windows-x86_64 | 0.3.0 | 32.00 | 83.00 | 115.00 | NOTE | |
r-patched-linux-x86_64 | 0.3.0 | 28.98 | 58.72 | 87.70 | NOTE | |
r-release-linux-x86_64 | 0.3.0 | 25.94 | 58.58 | 84.52 | NOTE | |
r-release-macos-arm64 | 0.3.0 | 45.00 | NOTE | |||
r-release-macos-x86_64 | 0.3.0 | 64.00 | NOTE | |||
r-release-windows-x86_64 | 0.3.0 | 43.00 | 100.00 | 143.00 | NOTE | |
r-oldrel-macos-arm64 | 0.3.0 | 44.00 | OK | |||
r-oldrel-macos-x86_64 | 0.3.0 | 54.00 | OK | |||
r-oldrel-windows-x86_64 | 0.3.0 | 45.00 | 100.00 | 145.00 | OK |
Version: 0.3.0
Check: C++ specification
Result: NOTE
Specified C++11: please drop specification unless essential
Flavors: r-devel-linux-x86_64-debian-clang, r-devel-linux-x86_64-debian-gcc, r-devel-linux-x86_64-fedora-clang, r-devel-linux-x86_64-fedora-gcc, r-devel-windows-x86_64, r-patched-linux-x86_64, r-release-linux-x86_64, r-release-macos-arm64, r-release-macos-x86_64, r-release-windows-x86_64