CRAN Package Check Results for Package didimputation

Last updated on 2022-01-24 23:54:24 CET.

Flavor Version Tinstall Tcheck Ttotal Status Flags
r-devel-linux-x86_64-debian-clang 0.1.0 40.35 133.02 173.37 OK
r-devel-linux-x86_64-debian-gcc 0.1.0 25.60 98.12 123.72 OK
r-devel-linux-x86_64-fedora-clang 0.1.0 218.26 NOTE
r-devel-linux-x86_64-fedora-gcc 0.1.0 199.56 NOTE
r-devel-windows-x86_64-new-UL 0.1.0 53.00 175.00 228.00 OK
r-devel-windows-x86_64-new-TK 0.1.0 NOTE
r-patched-linux-x86_64 0.1.0 29.31 130.75 160.06 OK
r-release-linux-x86_64 0.1.0 29.58 131.56 161.14 OK
r-release-macos-arm64 0.1.0 NOTE
r-release-macos-x86_64 0.1.0 NOTE
r-release-windows-ix86+x86_64 0.1.0 93.00 280.00 373.00 OK
r-oldrel-macos-x86_64 0.1.0 NOTE
r-oldrel-windows-ix86+x86_64 0.1.0 94.00 280.00 374.00 OK

Check Details

Version: 0.1.0
Check: dependencies in R code
Result: NOTE
    Namespace in Imports field not imported from: ‘rlang’
     All declared Imports should be used.
Flavors: r-devel-linux-x86_64-fedora-clang, r-devel-linux-x86_64-fedora-gcc, r-devel-windows-x86_64-new-TK, r-release-macos-arm64, r-release-macos-x86_64, r-oldrel-macos-x86_64