CRAN Package Check Results for Package diathor

Last updated on 2022-01-18 23:47:42 CET.

Flavor Version Tinstall Tcheck Ttotal Status Flags
r-devel-linux-x86_64-debian-clang 0.0.9 22.87 143.89 166.76 OK
r-devel-linux-x86_64-debian-gcc 0.0.9 19.77 114.54 134.31 OK
r-devel-linux-x86_64-fedora-clang 0.0.9 202.53 NOTE
r-devel-linux-x86_64-fedora-gcc 0.0.9 184.60 NOTE
r-devel-windows-x86_64-new-UL 0.0.9 78.00 159.00 237.00 OK
r-devel-windows-x86_64-new-TK 0.0.9 NOTE
r-patched-linux-x86_64 0.0.9 19.58 136.31 155.89 OK
r-release-linux-x86_64 0.0.9 OK
r-release-macos-arm64 0.0.9 NOTE
r-release-macos-x86_64 0.0.9 NOTE
r-release-windows-ix86+x86_64 0.0.9 46.00 157.00 203.00 OK
r-oldrel-macos-x86_64 0.0.9 NOTE
r-oldrel-windows-ix86+x86_64 0.0.9 46.00 155.00 201.00 OK

Check Details

Version: 0.0.9
Check: data for non-ASCII characters
Result: NOTE
     Note: found 8014 marked UTF-8 strings
Flavors: r-devel-linux-x86_64-fedora-clang, r-devel-linux-x86_64-fedora-gcc, r-devel-windows-x86_64-new-TK, r-release-macos-arm64, r-release-macos-x86_64, r-oldrel-macos-x86_64