CRAN Package Check Results for Package diathor

Last updated on 2024-06-23 00:56:31 CEST.

Flavor Version Tinstall Tcheck Ttotal Status Flags
r-devel-linux-x86_64-debian-clang 0.1.0 24.31 121.90 146.21 OK
r-devel-linux-x86_64-debian-gcc 0.1.0 17.12 89.59 106.71 OK
r-devel-linux-x86_64-fedora-clang 0.1.0 180.64 NOTE
r-devel-linux-x86_64-fedora-gcc 0.1.0 186.94 NOTE
r-devel-windows-x86_64 0.1.0 19.00 103.00 122.00 OK
r-patched-linux-x86_64 0.1.0 19.37 118.99 138.36 OK
r-release-linux-x86_64 0.1.0 23.58 120.16 143.74 OK
r-release-macos-arm64 0.1.0 53.00 OK
r-release-macos-x86_64 0.1.0 79.00 OK
r-release-windows-x86_64 0.1.0 22.00 107.00 129.00 OK
r-oldrel-macos-arm64 0.1.0 56.00 OK
r-oldrel-macos-x86_64 0.1.0 89.00 OK
r-oldrel-windows-x86_64 0.1.0 26.00 128.00 154.00 OK

Check Details

Version: 0.1.0
Check: data for non-ASCII characters
Result: NOTE Note: found 8014 marked UTF-8 strings Flavors: r-devel-linux-x86_64-fedora-clang, r-devel-linux-x86_64-fedora-gcc