CRAN Package Check Results for Package dhglm

Last updated on 2021-09-19 23:50:01 CEST.

Flavor Version Tinstall Tcheck Ttotal Status Flags
r-devel-linux-x86_64-debian-clang 2.0 32.38 161.82 194.20 OK
r-devel-linux-x86_64-debian-gcc 2.0 28.61 116.31 144.92 OK
r-devel-linux-x86_64-fedora-clang 2.0 239.40 OK
r-devel-linux-x86_64-fedora-gcc 2.0 235.14 OK
r-devel-windows-x86_64 2.0 40.00 127.00 167.00 OK
r-devel-windows-x86_64-gcc10-UCRT 2.0 ERROR
r-patched-linux-x86_64 2.0 31.73 150.14 181.87 OK
r-patched-solaris-x86 2.0 285.30 OK
r-release-linux-x86_64 2.0 30.84 150.15 180.99 OK
r-release-macos-arm64 2.0 OK
r-release-macos-x86_64 2.0 OK
r-release-windows-ix86+x86_64 2.0 61.00 128.00 189.00 OK
r-oldrel-macos-x86_64 2.0 OK
r-oldrel-windows-ix86+x86_64 2.0 59.00 129.00 188.00 OK

Check Details

Version: 2.0
Check: whether package can be installed
Result: WARN
    Found the following significant warnings:
     WARNING: installation-time patches will not be applied, could not get the patches index
Flavor: r-devel-windows-x86_64-gcc10-UCRT

Version: 2.0
Check: PDF version of manual
Result: WARN
    LaTeX errors when creating PDF version.
    This typically indicates Rd problems.
Flavor: r-devel-windows-x86_64-gcc10-UCRT

Version: 2.0
Check: PDF version of manual without hyperrefs or index
Result: ERROR
    Re-running with no redirection of stdout/stderr.
Flavor: r-devel-windows-x86_64-gcc10-UCRT