CRAN Package Check Results for Package dglm

Last updated on 2022-06-29 23:53:17 CEST.

Flavor Version Tinstall Tcheck Ttotal Status Flags
r-devel-linux-x86_64-debian-clang 1.8.4 2.84 27.30 30.14 NOTE
r-devel-linux-x86_64-debian-gcc 1.8.4 2.40 21.03 23.43 NOTE
r-devel-linux-x86_64-fedora-clang 1.8.4 47.08 NOTE
r-devel-linux-x86_64-fedora-gcc 1.8.4 46.62 NOTE
r-devel-windows-x86_64 1.8.4 14.00 53.00 67.00 NOTE
r-patched-linux-x86_64 1.8.4 3.27 26.07 29.34 OK
r-release-linux-x86_64 1.8.4 2.62 25.80 28.42 OK
r-release-macos-arm64 1.8.4 18.00 OK
r-release-macos-x86_64 1.8.4 22.00 OK
r-release-windows-x86_64 1.8.4 12.00 50.00 62.00 OK
r-oldrel-macos-arm64 1.8.4 16.00 OK
r-oldrel-macos-x86_64 1.8.4 30.00 OK
r-oldrel-windows-ix86+x86_64 1.8.4 6.00 45.00 51.00 OK

Check Details

Version: 1.8.4
Check: Rd files
Result: NOTE
    checkRd: (-1) anova.dglm.Rd:41: Escaped LaTeX specials: \&
Flavors: r-devel-linux-x86_64-debian-clang, r-devel-linux-x86_64-debian-gcc, r-devel-linux-x86_64-fedora-clang, r-devel-linux-x86_64-fedora-gcc, r-devel-windows-x86_64