CRAN Package Check Results for Package dfped

Last updated on 2021-10-18 23:49:28 CEST.

Flavor Version Tinstall Tcheck Ttotal Status Flags
r-devel-linux-x86_64-debian-clang 1.1 10.27 88.80 99.07 NOTE
r-devel-linux-x86_64-debian-gcc 1.1 8.46 66.52 74.98 NOTE
r-devel-linux-x86_64-fedora-clang 1.1 127.33 NOTE
r-devel-linux-x86_64-fedora-gcc 1.1 115.17 NOTE
r-devel-windows-x86_64 1.1 17.00 126.00 143.00 NOTE
r-devel-windows-x86_64-gcc10-UCRT 1.1 NOTE
r-patched-linux-x86_64 1.1 10.71 83.88 94.59 NOTE
r-patched-solaris-x86 1.1 165.40 NOTE
r-release-linux-x86_64 1.1 6.78 83.01 89.79 NOTE
r-release-macos-arm64 1.1 NOTE
r-release-macos-x86_64 1.1 NOTE
r-release-windows-ix86+x86_64 1.1 33.00 126.00 159.00 NOTE
r-oldrel-macos-x86_64 1.1 OK
r-oldrel-windows-ix86+x86_64 1.1 26.00 125.00 151.00 OK

Check Details

Version: 1.1
Check: LazyData
Result: NOTE
     'LazyData' is specified without a 'data' directory
Flavors: r-devel-linux-x86_64-debian-clang, r-devel-linux-x86_64-debian-gcc, r-devel-linux-x86_64-fedora-clang, r-devel-linux-x86_64-fedora-gcc, r-devel-windows-x86_64, r-devel-windows-x86_64-gcc10-UCRT, r-patched-linux-x86_64, r-patched-solaris-x86, r-release-linux-x86_64, r-release-macos-arm64, r-release-macos-x86_64, r-release-windows-ix86+x86_64