Last updated on 2023-01-28 23:51:35 CET.
Flavor | Version | Tinstall | Tcheck | Ttotal | Status | Flags |
---|---|---|---|---|---|---|
r-devel-linux-x86_64-debian-clang | 1.7-3 | 29.82 | 26.70 | 56.52 | OK | |
r-devel-linux-x86_64-debian-gcc | 1.7-3 | 21.36 | 20.73 | 42.09 | NOTE | |
r-devel-linux-x86_64-fedora-clang | 1.7-3 | 77.88 | OK | |||
r-devel-linux-x86_64-fedora-gcc | 1.7-3 | 74.93 | NOTE | |||
r-devel-windows-x86_64 | 1.7-3 | 42.00 | 80.00 | 122.00 | OK | |
r-patched-linux-x86_64 | 1.7-3 | 24.82 | 27.03 | 51.85 | OK | |
r-release-linux-x86_64 | 1.7-3 | 23.52 | 27.13 | 50.65 | OK | |
r-release-macos-arm64 | 1.7-3 | 30.00 | OK | |||
r-release-macos-x86_64 | 1.7-3 | 35.00 | OK | |||
r-release-windows-x86_64 | 1.7-3 | 41.00 | 75.00 | 116.00 | OK | |
r-oldrel-macos-arm64 | 1.7-3 | 31.00 | OK | |||
r-oldrel-macos-x86_64 | 1.7-3 | 44.00 | OK | |||
r-oldrel-windows-ix86+x86_64 | 1.7-3 | 58.00 | 76.00 | 134.00 | OK |
Version: 1.7-3
Check: C++ specification
Result: NOTE
Specified C++11: please update to current default of C++17
Flavors: r-devel-linux-x86_64-debian-gcc, r-devel-linux-x86_64-fedora-gcc