CRAN Package Check Results for Package desplot

Last updated on 2021-10-19 23:52:52 CEST.

Flavor Version Tinstall Tcheck Ttotal Status Flags
r-devel-linux-x86_64-debian-clang 1.8 5.73 63.81 69.54 NOTE
r-devel-linux-x86_64-debian-gcc 1.8 4.23 46.99 51.22 NOTE
r-devel-linux-x86_64-fedora-clang 1.8 92.79 NOTE
r-devel-linux-x86_64-fedora-gcc 1.8 78.69 NOTE
r-devel-windows-x86_64 1.8 11.00 91.00 102.00 NOTE
r-devel-windows-x86_64-gcc10-UCRT 1.8 NOTE
r-patched-linux-x86_64 1.8 5.64 57.16 62.80 NOTE
r-patched-solaris-x86 1.8 113.30 NOTE
r-release-linux-x86_64 1.8 5.64 57.82 63.46 NOTE
r-release-macos-arm64 1.8 NOTE
r-release-macos-x86_64 1.8 NOTE
r-release-windows-ix86+x86_64 1.8 17.00 84.00 101.00 NOTE
r-oldrel-macos-x86_64 1.8 OK
r-oldrel-windows-ix86+x86_64 1.8 17.00 85.00 102.00 OK

Check Details

Version: 1.8
Check: LazyData
Result: NOTE
     'LazyData' is specified without a 'data' directory
Flavors: r-devel-linux-x86_64-debian-clang, r-devel-linux-x86_64-debian-gcc, r-devel-linux-x86_64-fedora-clang, r-devel-linux-x86_64-fedora-gcc, r-devel-windows-x86_64, r-devel-windows-x86_64-gcc10-UCRT, r-patched-linux-x86_64, r-patched-solaris-x86, r-release-linux-x86_64, r-release-macos-arm64, r-release-macos-x86_64, r-release-windows-ix86+x86_64