Last updated on 2023-06-07 01:03:22 CEST.
Flavor | Version | Tinstall | Tcheck | Ttotal | Status | Flags |
---|---|---|---|---|---|---|
r-devel-linux-x86_64-debian-clang | 0.3.0 | 6.89 | 71.73 | 78.62 | OK | |
r-devel-linux-x86_64-debian-gcc | 0.3.0 | 4.78 | 53.95 | 58.73 | OK | |
r-devel-linux-x86_64-fedora-clang | 0.3.0 | 95.58 | NOTE | |||
r-devel-linux-x86_64-fedora-gcc | 0.3.0 | 103.54 | OK | |||
r-devel-windows-x86_64 | 0.3.0 | 7.00 | 79.00 | 86.00 | OK | |
r-patched-linux-x86_64 | 0.3.0 | 10.23 | 67.30 | 77.53 | OK | |
r-release-linux-x86_64 | 0.3.0 | 5.64 | 68.15 | 73.79 | OK | |
r-release-macos-arm64 | 0.3.0 | 39.00 | OK | |||
r-release-macos-x86_64 | 0.3.0 | 62.00 | OK | |||
r-release-windows-x86_64 | 0.3.0 | 10.00 | 88.00 | 98.00 | OK | |
r-oldrel-macos-arm64 | 0.3.0 | 35.00 | OK | |||
r-oldrel-macos-x86_64 | 0.3.0 | 68.00 | OK | |||
r-oldrel-windows-x86_64 | 0.3.0 | 10.00 | 89.00 | 99.00 | OK |
Version: 0.3.0
Check: Rd cross-references
Result: NOTE
Undeclared package ‘htmlwidgets’ in Rd xrefs
Flavor: r-devel-linux-x86_64-fedora-clang