CRAN Package Check Results for Package dendRoAnalyst

Last updated on 2024-06-14 00:53:39 CEST.

Flavor Version Tinstall Tcheck Ttotal Status Flags
r-devel-linux-x86_64-debian-clang 0.1.5 18.30 142.00 160.30 OK
r-devel-linux-x86_64-debian-gcc 0.1.5 0.41 1.91 2.32 ERROR
r-devel-linux-x86_64-fedora-clang 0.1.5 197.65 OK
r-devel-linux-x86_64-fedora-gcc 0.1.5 198.93 OK
r-devel-windows-x86_64 0.1.5 16.00 117.00 133.00 OK
r-patched-linux-x86_64 0.1.5 18.69 135.54 154.23 OK
r-release-linux-x86_64 0.1.5 11.45 135.90 147.35 OK
r-release-macos-arm64 0.1.5 65.00 OK
r-release-macos-x86_64 0.1.5 114.00 OK
r-release-windows-x86_64 0.1.5 16.00 121.00 137.00 OK
r-oldrel-macos-arm64 0.1.5 76.00 OK
r-oldrel-macos-x86_64 0.1.5 149.00 OK
r-oldrel-windows-x86_64 0.1.5 21.00 143.00 164.00 OK

Check Details

Version: 0.1.5
Check: package dependencies
Result: ERROR Packages required but not available: 'tidyverse', 'dplyr', 'ggplot2', 'lubridate', 'readxl', 'tibble', 'tidyr', 'forecast', 'stringr' Package suggested but not available for checking: ‘testthat’ See section ‘The DESCRIPTION file’ in the ‘Writing R Extensions’ manual. Flavor: r-devel-linux-x86_64-debian-gcc