CRAN Package Check Results for Package deltaPlotR

Last updated on 2023-10-04 00:58:20 CEST.

Flavor Version Tinstall Tcheck Ttotal Status Flags
r-devel-linux-x86_64-debian-clang 1.6 3.13 28.48 31.61 NOTE
r-devel-linux-x86_64-debian-gcc 1.6 2.14 22.65 24.79 NOTE
r-devel-linux-x86_64-fedora-clang 1.6 38.74 NOTE
r-devel-linux-x86_64-fedora-gcc 1.6 38.41 NOTE
r-devel-windows-x86_64 1.6 3.00 46.00 49.00 OK
r-patched-linux-x86_64 1.6 3.33 26.78 30.11 NOTE
r-release-linux-x86_64 1.6 2.45 26.57 29.02 NOTE
r-release-macos-arm64 1.6 16.00 OK
r-release-macos-x86_64 1.6 21.00 OK
r-release-windows-x86_64 1.6 5.00 44.00 49.00 OK
r-oldrel-macos-arm64 1.6 18.00 OK
r-oldrel-macos-x86_64 1.6 21.00 OK
r-oldrel-windows-x86_64 1.6 7.00 45.00 52.00 OK

Check Details

Version: 1.6
Check: for non-standard things in the check directory
Result: NOTE
    Found the following files/directories:
     ‘res.pdf’ ‘res1.jpg’
Flavors: r-devel-linux-x86_64-debian-clang, r-devel-linux-x86_64-debian-gcc, r-devel-linux-x86_64-fedora-clang, r-devel-linux-x86_64-fedora-gcc, r-patched-linux-x86_64, r-release-linux-x86_64