CRAN Package Check Results for Package delayed

Last updated on 2024-06-14 00:53:39 CEST.

Flavor Version Tinstall Tcheck Ttotal Status Flags
r-devel-linux-x86_64-debian-clang 0.5.0 7.10 60.42 67.52 OK
r-devel-linux-x86_64-debian-gcc 0.5.0 0.40 1.89 2.29 ERROR
r-devel-linux-x86_64-fedora-clang 0.5.0 88.81 OK
r-devel-linux-x86_64-fedora-gcc 0.5.0 95.09 OK
r-devel-windows-x86_64 0.5.0 8.00 119.00 127.00 OK
r-patched-linux-x86_64 0.5.0 7.89 58.92 66.81 OK
r-release-linux-x86_64 0.5.0 6.25 59.77 66.02 OK
r-release-macos-arm64 0.5.0 77.00 OK
r-release-macos-x86_64 0.5.0 93.00 OK
r-release-windows-x86_64 0.5.0 9.00 118.00 127.00 OK
r-oldrel-macos-arm64 0.5.0 81.00 OK
r-oldrel-macos-x86_64 0.5.0 115.00 OK
r-oldrel-windows-x86_64 0.5.0 12.00 127.00 139.00 OK

Check Details

Version: 0.5.0
Check: package dependencies
Result: ERROR Packages required but not available: 'igraph', 'progress' Package suggested but not available for checking: ‘testthat’ See section ‘The DESCRIPTION file’ in the ‘Writing R Extensions’ manual. Flavor: r-devel-linux-x86_64-debian-gcc