CRAN Package Check Results for Package deepdive

Last updated on 2023-06-09 00:54:20 CEST.

Flavor Version Tinstall Tcheck Ttotal Status Flags
r-devel-linux-x86_64-debian-clang 1.0.4 4.88 42.08 46.96 NOTE
r-devel-linux-x86_64-debian-gcc 1.0.4 4.26 30.65 34.91 NOTE
r-devel-linux-x86_64-fedora-clang 1.0.4 58.75 NOTE
r-devel-linux-x86_64-fedora-gcc 1.0.4 55.43 NOTE
r-devel-windows-x86_64 1.0.4 8.00 51.00 59.00 NOTE
r-patched-linux-x86_64 1.0.4 5.31 39.29 44.60 NOTE
r-release-linux-x86_64 1.0.4 4.93 39.90 44.83 NOTE
r-release-macos-arm64 1.0.4 22.00 NOTE
r-release-macos-x86_64 1.0.4 30.00 NOTE
r-release-windows-x86_64 1.0.4 7.00 54.00 61.00 NOTE
r-oldrel-macos-arm64 1.0.4 18.00 OK
r-oldrel-macos-x86_64 1.0.4 26.00 OK
r-oldrel-windows-x86_64 1.0.4 7.00 57.00 64.00 OK

Check Details

Version: 1.0.4
Check: package subdirectories
Result: NOTE
    Problems with news in ‘NEWS.md’:
    No news entries found.
Flavors: r-devel-linux-x86_64-debian-clang, r-devel-linux-x86_64-debian-gcc, r-devel-linux-x86_64-fedora-clang, r-devel-linux-x86_64-fedora-gcc, r-devel-windows-x86_64, r-patched-linux-x86_64, r-release-linux-x86_64, r-release-macos-arm64, r-release-macos-x86_64, r-release-windows-x86_64