CRAN Package Check Results for Package decido

Last updated on 2022-01-19 23:48:56 CET.

Flavor Version Tinstall Tcheck Ttotal Status Flags
r-devel-linux-x86_64-debian-clang 0.3.0 NOTE
r-devel-linux-x86_64-debian-gcc 0.3.0 12.92 33.30 46.22 NOTE
r-devel-linux-x86_64-fedora-clang 0.3.0 80.73 NOTE
r-devel-linux-x86_64-fedora-gcc 0.3.0 66.44 NOTE
r-devel-windows-x86_64-new-UL 0.3.0 38.00 85.00 123.00 NOTE
r-devel-windows-x86_64-new-TK 0.3.0 NOTE
r-patched-linux-x86_64 0.3.0 17.43 36.71 54.14 NOTE
r-release-linux-x86_64 0.3.0 NOTE
r-release-macos-arm64 0.3.0 NOTE
r-release-macos-x86_64 0.3.0 NOTE
r-release-windows-ix86+x86_64 0.3.0 49.00 76.00 125.00 NOTE
r-oldrel-macos-x86_64 0.3.0 OK
r-oldrel-windows-ix86+x86_64 0.3.0 50.00 78.00 128.00 OK

Check Details

Version: 0.3.0
Check: LazyData
Result: NOTE
     'LazyData' is specified without a 'data' directory
Flavors: r-devel-linux-x86_64-debian-clang, r-devel-linux-x86_64-debian-gcc, r-devel-linux-x86_64-fedora-clang, r-devel-linux-x86_64-fedora-gcc, r-devel-windows-x86_64-new-UL, r-devel-windows-x86_64-new-TK, r-patched-linux-x86_64, r-release-linux-x86_64, r-release-macos-arm64, r-release-macos-x86_64, r-release-windows-ix86+x86_64