CRAN Package Check Results for Package ddtlcm

Last updated on 2024-06-18 00:57:24 CEST.

Flavor Version Tinstall Tcheck Ttotal Status Flags
r-devel-linux-x86_64-debian-clang 0.2.1 22.56 330.68 353.24 OK
r-devel-linux-x86_64-debian-gcc 0.2.1 17.83 243.56 261.39 OK
r-devel-linux-x86_64-fedora-clang 0.2.1 453.64 NOTE
r-devel-linux-x86_64-fedora-gcc 0.2.1 450.54 OK
r-devel-windows-x86_64 0.2.1 22.00 274.00 296.00 NOTE
r-patched-linux-x86_64 0.2.1 24.29 317.92 342.21 OK
r-release-linux-x86_64 0.2.1 20.97 317.75 338.72 OK
r-release-macos-arm64 0.2.1 118.00 NOTE
r-release-macos-x86_64 0.2.1 180.00 NOTE
r-release-windows-x86_64 0.2.1 22.00 280.00 302.00 NOTE
r-oldrel-macos-arm64 0.2.1 117.00 NOTE
r-oldrel-macos-x86_64 0.2.1 200.00 NOTE
r-oldrel-windows-x86_64 0.2.1 26.00 339.00 365.00 NOTE

Check Details

Version: 0.2.1
Check: installed package size
Result: NOTE installed size is 5.4Mb sub-directories of 1Mb or more: data 4.2Mb Flavors: r-devel-linux-x86_64-fedora-clang, r-devel-windows-x86_64, r-release-macos-arm64, r-release-macos-x86_64, r-release-windows-x86_64, r-oldrel-macos-arm64, r-oldrel-macos-x86_64, r-oldrel-windows-x86_64