Last updated on 2023-01-30 00:31:09 CET.
Flavor | Version | Tinstall | Tcheck | Ttotal | Status | Flags |
---|---|---|---|---|---|---|
r-devel-linux-x86_64-debian-clang | 0.9.2 | 60.45 | 28.01 | 88.46 | OK | |
r-devel-linux-x86_64-debian-gcc | 0.9.2 | 43.31 | 22.16 | 65.47 | NOTE | |
r-devel-linux-x86_64-fedora-clang | 0.9.2 | 135.35 | OK | |||
r-devel-linux-x86_64-fedora-gcc | 0.9.2 | 117.65 | NOTE | |||
r-devel-windows-x86_64 | 0.9.2 | 54.00 | 77.00 | 131.00 | NOTE | |
r-patched-linux-x86_64 | 0.9.2 | 44.24 | 28.02 | 72.26 | OK | |
r-release-linux-x86_64 | 0.9.2 | 42.86 | 28.84 | 71.70 | OK | |
r-release-macos-arm64 | 0.9.2 | 34.00 | OK | |||
r-release-macos-x86_64 | 0.9.2 | 49.00 | OK | |||
r-release-windows-x86_64 | 0.9.2 | 49.00 | 79.00 | 128.00 | OK | |
r-oldrel-macos-arm64 | 0.9.2 | 40.00 | OK | |||
r-oldrel-macos-x86_64 | 0.9.2 | 63.00 | OK | |||
r-oldrel-windows-ix86+x86_64 | 0.9.2 | 149.00 | 82.00 | 231.00 | OK |
Version: 0.9.2
Check: C++ specification
Result: NOTE
Specified C++11: please update to current default of C++17
Flavors: r-devel-linux-x86_64-debian-gcc, r-devel-linux-x86_64-fedora-gcc, r-devel-windows-x86_64