CRAN Package Check Results for Package dc3net

Last updated on 2022-01-20 23:52:11 CET.

Flavor Version Tinstall Tcheck Ttotal Status Flags
r-devel-linux-x86_64-debian-clang 1.2.0 OK
r-devel-linux-x86_64-debian-gcc 1.2.0 2.39 39.55 41.94 OK
r-devel-linux-x86_64-fedora-clang 1.2.0 66.95 OK
r-devel-linux-x86_64-fedora-gcc 1.2.0 54.28 OK
r-devel-windows-x86_64-new-UL 1.2.0 24.00 71.00 95.00 OK
r-devel-windows-x86_64-new-TK 1.2.0 OK
r-patched-linux-x86_64 1.2.0 3.25 48.85 52.10 OK
r-release-linux-x86_64 1.2.0 3.28 49.53 52.81 OK
r-release-macos-arm64 1.2.0 ERROR
r-release-macos-x86_64 1.2.0 OK
r-release-windows-ix86+x86_64 1.2.0 8.00 57.00 65.00 OK
r-oldrel-macos-x86_64 1.2.0 OK
r-oldrel-windows-ix86+x86_64 1.2.0 7.00 61.00 68.00 OK

Check Details

Version: 1.2.0
Check: package dependencies
Result: ERROR
    Package required but not available: ‘RedeR’
    
    See section ‘The DESCRIPTION file’ in the ‘Writing R Extensions’
    manual.
Flavor: r-release-macos-arm64