Last updated on 2023-02-06 23:55:40 CET.
Flavor | Version | Tinstall | Tcheck | Ttotal | Status | Flags |
---|---|---|---|---|---|---|
r-devel-linux-x86_64-debian-clang | 0.7.8 | 55.67 | 70.79 | 126.46 | NOTE | |
r-devel-linux-x86_64-debian-gcc | 0.7.8 | 47.63 | 52.93 | 100.56 | NOTE | |
r-devel-linux-x86_64-fedora-clang | 0.7.8 | 167.77 | NOTE | |||
r-devel-linux-x86_64-fedora-gcc | 0.7.8 | 162.39 | NOTE | |||
r-devel-windows-x86_64 | 0.7.8 | 101.00 | 139.00 | 240.00 | NOTE | |
r-patched-linux-x86_64 | 0.7.8 | 56.43 | 60.56 | 116.99 | OK | |
r-release-linux-x86_64 | 0.7.8 | 53.68 | 63.70 | 117.38 | OK | |
r-release-macos-arm64 | 0.7.8 | 43.00 | OK | |||
r-release-macos-x86_64 | 0.7.8 | 63.00 | OK | |||
r-release-windows-x86_64 | 0.7.8 | 106.00 | 117.00 | 223.00 | OK | |
r-oldrel-macos-arm64 | 0.7.8 | 42.00 | OK | |||
r-oldrel-macos-x86_64 | 0.7.8 | 60.00 | OK | |||
r-oldrel-windows-ix86+x86_64 | 0.7.8 | 128.00 | 122.00 | 250.00 | OK |
Version: 0.7.8
Check: C++ specification
Result: NOTE
Specified C++11: please update to current default of C++17
Flavors: r-devel-linux-x86_64-debian-clang, r-devel-linux-x86_64-debian-gcc, r-devel-linux-x86_64-fedora-clang, r-devel-linux-x86_64-fedora-gcc, r-devel-windows-x86_64