CRAN Package Check Results for Package datos

Last updated on 2023-06-09 23:51:49 CEST.

Flavor Version Tinstall Tcheck Ttotal Status Flags
r-devel-linux-x86_64-debian-clang 0.5.0 6.26 90.28 96.54 OK
r-devel-linux-x86_64-debian-gcc 0.5.0 5.20 70.81 76.01 OK
r-devel-linux-x86_64-fedora-clang 0.5.0 124.37 NOTE
r-devel-linux-x86_64-fedora-gcc 0.5.0 116.76 NOTE
r-devel-windows-x86_64 0.5.0 9.00 94.00 103.00 OK
r-patched-linux-x86_64 0.5.0 7.93 86.21 94.14 OK
r-release-linux-x86_64 0.5.0 6.44 86.71 93.15 OK
r-release-macos-arm64 0.5.0 45.00 OK
r-release-macos-x86_64 0.5.0 65.00 OK
r-release-windows-x86_64 0.5.0 10.00 112.00 122.00 OK
r-oldrel-macos-arm64 0.5.0 51.00 NOTE
r-oldrel-macos-x86_64 0.5.0 66.00 NOTE
r-oldrel-windows-x86_64 0.5.0 10.00 134.00 144.00 OK

Check Details

Version: 0.5.0
Check: data for non-ASCII characters
Result: NOTE
     Note: found 54315 marked UTF-8 strings
Flavors: r-devel-linux-x86_64-fedora-clang, r-devel-linux-x86_64-fedora-gcc, r-oldrel-macos-arm64, r-oldrel-macos-x86_64