CRAN Package Check Results for Package dataspice

Last updated on 2021-10-18 23:49:28 CEST.

Flavor Version Tinstall Tcheck Ttotal Status Flags
r-devel-linux-x86_64-debian-clang 1.1.0 6.13 74.15 80.28 OK
r-devel-linux-x86_64-debian-gcc 1.1.0 4.99 57.16 62.15 OK
r-devel-linux-x86_64-fedora-clang 1.1.0 106.15 OK
r-devel-linux-x86_64-fedora-gcc 1.1.0 93.69 OK
r-devel-windows-x86_64 1.1.0 12.00 101.00 113.00 ERROR
r-devel-windows-x86_64-gcc10-UCRT 1.1.0 ERROR
r-patched-linux-x86_64 1.1.0 6.25 69.76 76.01 OK
r-patched-solaris-x86 1.1.0 113.20 OK
r-release-linux-x86_64 1.1.0 5.02 69.41 74.43 OK
r-release-macos-arm64 1.1.0 OK
r-release-macos-x86_64 1.1.0 OK
r-release-windows-ix86+x86_64 1.1.0 17.00 99.00 116.00 ERROR
r-oldrel-macos-x86_64 1.1.0 OK
r-oldrel-windows-ix86+x86_64 1.1.0 16.00 113.00 129.00 ERROR

Check Details

Version: 1.1.0
Check: tests
Result: ERROR
     Running 'testthat.R' [24s]
    Running the tests in 'tests/testthat.R' failed.
    Complete output:
     > library(testthat)
     > library(dataspice)
     >
     > test_check("dataspice")
     == Failed tests ================================================================
     -- Error (test-prep_access.R:38:3): prep_access works correctly ----------------
     Error: Cannot open file for writing:
     * 'D:\temp\Rtmp2pYjS7\data\metadata\access.csv'
     Backtrace:
     x
     1. \-dataspice::prep_access() test-prep_access.R:38:2
     2. \-readr::write_csv(access, access_path)
     3. \-readr::write_delim(...)
     4. \-vroom::vroom_write(...)
     5. \-vroom:::vroom_write_(...)
     -- Error (test-prep_attributes.R:35:3): attributes-not-overwritten-for-same-file --
     Error: Cannot open file for writing:
     * 'D:\temp\Rtmp2pYjS7\metadata\attributes.csv'
     Backtrace:
     x
     1. +-testthat::expect_warning(...) test-prep_attributes.R:35:2
     2. | \-testthat:::quasi_capture(enquo(object), label, capture_warnings)
     3. | +-testthat:::.capture(...)
     4. | | \-base::withCallingHandlers(...)
     5. | \-rlang::eval_bare(quo_get_expr(.quo), quo_get_env(.quo))
     6. \-dataspice::prep_attributes(data_path, attributes_path)
     7. \-readr::write_csv(attributes, attributes_path)
     8. \-readr::write_delim(...)
     9. \-vroom::vroom_write(...)
     10. \-vroom:::vroom_write_(...)
     -- Error (test-prep_attributes.R:47:3): second-file-updates-correctly ----------
     Error: Cannot open file for writing:
     * 'D:\temp\Rtmp2pYjS7\metadata\attributes.csv'
     Backtrace:
     x
     1. +-testthat::expect_message(...) test-prep_attributes.R:47:2
     2. | \-testthat:::quasi_capture(enquo(object), label, capture_messages)
     3. | +-testthat:::.capture(...)
     4. | | \-base::withCallingHandlers(...)
     5. | \-rlang::eval_bare(quo_get_expr(.quo), quo_get_env(.quo))
     6. \-dataspice::prep_attributes(data_path, attributes_path)
     7. \-readr::write_csv(attributes, attributes_path)
     8. \-readr::write_delim(...)
     9. \-vroom::vroom_write(...)
     10. \-vroom:::vroom_write_(...)
    
     [ FAIL 3 | WARN 0 | SKIP 0 | PASS 73 ]
     Error: Test failures
     Execution halted
Flavor: r-devel-windows-x86_64

Version: 1.1.0
Check: tests
Result: ERROR
     Running 'testthat.R'
    Running the tests in 'tests/testthat.R' failed.
    Complete output:
     > library(testthat)
     > library(dataspice)
     >
     > test_check("dataspice")
     ══ Failed tests ════════════════════════════════════════════════════════════════
     ── Error (test-prep_access.R:38:3): prep_access works correctly ────────────────
     Error: Cannot open file for writing:
     * 'C:\r_packages\pkgcheck\CRAN\dataspice\tmp\RtmpOmHgmV\data\metadata\access.csv'
     Backtrace:
     █
     1. └─dataspice::prep_access() test-prep_access.R:38:2
     2. └─readr::write_csv(access, access_path)
     3. └─readr::write_delim(...)
     4. └─vroom::vroom_write(...)
     5. └─vroom:::vroom_write_(...)
     ── Error (test-prep_attributes.R:35:3): attributes-not-overwritten-for-same-file ──
     Error: Cannot open file for writing:
     * 'C:\r_packages\pkgcheck\CRAN\dataspice\tmp\RtmpOmHgmV\metadata\attributes.csv'
     Backtrace:
     █
     1. ├─testthat::expect_warning(...) test-prep_attributes.R:35:2
     2. │ └─testthat:::quasi_capture(enquo(object), label, capture_warnings)
     3. │ ├─testthat:::.capture(...)
     4. │ │ └─base::withCallingHandlers(...)
     5. │ └─rlang::eval_bare(quo_get_expr(.quo), quo_get_env(.quo))
     6. └─dataspice::prep_attributes(data_path, attributes_path)
     7. └─readr::write_csv(attributes, attributes_path)
     8. └─readr::write_delim(...)
     9. └─vroom::vroom_write(...)
     10. └─vroom:::vroom_write_(...)
     ── Error (test-prep_attributes.R:47:3): second-file-updates-correctly ──────────
     Error: Cannot open file for writing:
     * 'C:\r_packages\pkgcheck\CRAN\dataspice\tmp\RtmpOmHgmV\metadata\attributes.csv'
     Backtrace:
     █
     1. ├─testthat::expect_message(...) test-prep_attributes.R:47:2
     2. │ └─testthat:::quasi_capture(enquo(object), label, capture_messages)
     3. │ ├─testthat:::.capture(...)
     4. │ │ └─base::withCallingHandlers(...)
     5. │ └─rlang::eval_bare(quo_get_expr(.quo), quo_get_env(.quo))
     6. └─dataspice::prep_attributes(data_path, attributes_path)
     7. └─readr::write_csv(attributes, attributes_path)
     8. └─readr::write_delim(...)
     9. └─vroom::vroom_write(...)
     10. └─vroom:::vroom_write_(...)
     ── Error (test-prep_attributes.R:60:1): (code run outside of `test_that()`) ────
     Error: Cannot open file for writing:
     * 'C:\r_packages\pkgcheck\CRAN\dataspice\tmp\RtmpOmHgmV\metadata\attributes.csv'
     Backtrace:
     █
     1. ├─readr::read_csv(attributes_path)[0, ] %>% readr::write_csv(attributes_path) test-prep_attributes.R:60:0
     2. └─readr::write_csv(., attributes_path)
     3. └─readr::write_delim(...)
     4. └─vroom::vroom_write(...)
     5. └─vroom:::vroom_write_(...)
    
     [ FAIL 4 | WARN 2 | SKIP 0 | PASS 69 ]
     Error: Test failures
     Execution halted
Flavor: r-devel-windows-x86_64-gcc10-UCRT

Version: 1.1.0
Check: tests
Result: ERROR
     Running 'testthat.R' [24s]
    Running the tests in 'tests/testthat.R' failed.
    Complete output:
     > library(testthat)
     > library(dataspice)
     >
     > test_check("dataspice")
     == Failed tests ================================================================
     -- Error (test-prep_access.R:38:3): prep_access works correctly ----------------
     Error: Cannot open file for writing:
     * 'D:\temp\Rtmps1MmFR\data\metadata\access.csv'
     Backtrace:
     x
     1. \-dataspice::prep_access() test-prep_access.R:38:2
     2. \-readr::write_csv(access, access_path)
     3. \-readr::write_delim(...)
     4. \-vroom::vroom_write(...)
     5. \-vroom:::vroom_write_(...)
     -- Error (test-prep_attributes.R:35:3): attributes-not-overwritten-for-same-file --
     Error: Cannot open file for writing:
     * 'D:\temp\Rtmps1MmFR\metadata\attributes.csv'
     Backtrace:
     x
     1. +-testthat::expect_warning(...) test-prep_attributes.R:35:2
     2. | \-testthat:::quasi_capture(enquo(object), label, capture_warnings)
     3. | +-testthat:::.capture(...)
     4. | | \-base::withCallingHandlers(...)
     5. | \-rlang::eval_bare(quo_get_expr(.quo), quo_get_env(.quo))
     6. \-dataspice::prep_attributes(data_path, attributes_path)
     7. \-readr::write_csv(attributes, attributes_path)
     8. \-readr::write_delim(...)
     9. \-vroom::vroom_write(...)
     10. \-vroom:::vroom_write_(...)
     -- Error (test-prep_attributes.R:60:1): (code run outside of `test_that()`) ----
     Error: Cannot open file for writing:
     * 'D:\temp\Rtmps1MmFR\metadata\attributes.csv'
     Backtrace:
     x
     1. +-readr::read_csv(attributes_path)[0, ] %>% readr::write_csv(attributes_path) test-prep_attributes.R:60:0
     2. \-readr::write_csv(., attributes_path)
     3. \-readr::write_delim(...)
     4. \-vroom::vroom_write(...)
     5. \-vroom:::vroom_write_(...)
    
     [ FAIL 3 | WARN 2 | SKIP 0 | PASS 72 ]
     Error: Test failures
     Execution halted
Flavor: r-release-windows-ix86+x86_64

Version: 1.1.0
Check: tests
Result: ERROR
     Running 'testthat.R' [29s]
    Running the tests in 'tests/testthat.R' failed.
    Complete output:
     > library(testthat)
     > library(dataspice)
     >
     > test_check("dataspice")
     == Failed tests ================================================================
     -- Error (test-prep_access.R:38:3): prep_access works correctly ----------------
     Error: Cannot open file for writing:
     * 'D:\temp\Rtmpo1D91k\data\metadata\access.csv'
     Backtrace:
     x
     1. \-dataspice::prep_access() test-prep_access.R:38:2
     2. \-readr::write_csv(access, access_path)
     3. \-readr::write_delim(...)
     4. \-vroom::vroom_write(...)
     5. \-vroom:::vroom_write_(...)
     -- Error (test-prep_attributes.R:35:3): attributes-not-overwritten-for-same-file --
     Error: Cannot open file for writing:
     * 'D:\temp\Rtmpo1D91k\metadata\attributes.csv'
     Backtrace:
     x
     1. +-testthat::expect_warning(...) test-prep_attributes.R:35:2
     2. | \-testthat:::quasi_capture(enquo(object), label, capture_warnings)
     3. | +-testthat:::.capture(...)
     4. | | \-base::withCallingHandlers(...)
     5. | \-rlang::eval_bare(quo_get_expr(.quo), quo_get_env(.quo))
     6. \-dataspice::prep_attributes(data_path, attributes_path)
     7. \-readr::write_csv(attributes, attributes_path)
     8. \-readr::write_delim(...)
     9. \-vroom::vroom_write(...)
     10. \-vroom:::vroom_write_(...)
     -- Error (test-prep_attributes.R:60:1): (code run outside of `test_that()`) ----
     Error: Cannot open file for writing:
     * 'D:\temp\Rtmpo1D91k\metadata\attributes.csv'
     Backtrace:
     x
     1. +-readr::read_csv(attributes_path)[0, ] %>% readr::write_csv(attributes_path) test-prep_attributes.R:60:0
     2. \-readr::write_csv(., attributes_path)
     3. \-readr::write_delim(...)
     4. \-vroom::vroom_write(...)
     5. \-vroom:::vroom_write_(...)
    
     [ FAIL 3 | WARN 2 | SKIP 0 | PASS 72 ]
     Error: Test failures
     Execution halted
Flavor: r-oldrel-windows-ix86+x86_64