CRAN Package Check Results for Package dataspice

Last updated on 2024-06-13 00:55:10 CEST.

Flavor Version Tinstall Tcheck Ttotal Status Flags
r-devel-linux-x86_64-debian-clang 1.1.0 8.27 65.63 73.90 OK
r-devel-linux-x86_64-debian-gcc 1.1.0 0.68 1.88 2.56 ERROR
r-devel-linux-x86_64-fedora-clang 1.1.0 106.59 OK
r-devel-linux-x86_64-fedora-gcc 1.1.0 111.02 OK
r-devel-windows-x86_64 1.1.0 7.00 73.00 80.00 OK
r-patched-linux-x86_64 1.1.0 7.65 62.01 69.66 OK
r-release-linux-x86_64 1.1.0 7.03 63.61 70.64 OK
r-release-macos-arm64 1.1.0 39.00 OK
r-release-macos-x86_64 1.1.0 60.00 OK
r-release-windows-x86_64 1.1.0 9.00 76.00 85.00 OK
r-oldrel-macos-arm64 1.1.0 41.00 OK
r-oldrel-macos-x86_64 1.1.0 64.00 OK
r-oldrel-windows-x86_64 1.1.0 10.00 82.00 92.00 OK

Check Details

Version: 1.1.0
Check: package dependencies
Result: ERROR Packages required but not available: 'purrr', 'EML', 'readr', 'stringr', 'tibble', 'dplyr', 'tidyr', 'ggplot2' Packages suggested but not available for checking: 'testthat', 'kableExtra' See section ‘The DESCRIPTION file’ in the ‘Writing R Extensions’ manual. Flavor: r-devel-linux-x86_64-debian-gcc