Last updated on 2023-02-06 23:55:40 CET.
Flavor | Version | Tinstall | Tcheck | Ttotal | Status | Flags |
---|---|---|---|---|---|---|
r-devel-linux-x86_64-debian-clang | 0.8.11 | 89.48 | 34.88 | 124.36 | NOTE | |
r-devel-linux-x86_64-debian-gcc | 0.8.11 | 72.81 | 28.11 | 100.92 | NOTE | |
r-devel-linux-x86_64-fedora-clang | 0.8.11 | 177.00 | NOTE | |||
r-devel-linux-x86_64-fedora-gcc | 0.8.11 | 172.95 | NOTE | |||
r-devel-windows-x86_64 | 0.8.11 | 126.00 | 86.00 | 212.00 | NOTE | |
r-patched-linux-x86_64 | 0.8.11 | 74.52 | 34.61 | 109.13 | NOTE | |
r-release-linux-x86_64 | 0.8.11 | 75.62 | 34.82 | 110.44 | NOTE | |
r-release-macos-arm64 | 0.8.11 | 142.00 | NOTE | |||
r-release-macos-x86_64 | 0.8.11 | 102.00 | NOTE | |||
r-release-windows-x86_64 | 0.8.11 | 136.00 | 93.00 | 229.00 | NOTE | |
r-oldrel-macos-arm64 | 0.8.11 | 135.00 | NOTE | |||
r-oldrel-macos-x86_64 | 0.8.11 | 101.00 | NOTE | |||
r-oldrel-windows-ix86+x86_64 | 0.8.11 | 166.00 | 108.00 | 274.00 | NOTE |
Version: 0.8.11
Check: C++ specification
Result: NOTE
Specified C++11: please update to current default of C++17
Flavors: r-devel-linux-x86_64-debian-clang, r-devel-linux-x86_64-debian-gcc, r-devel-linux-x86_64-fedora-clang, r-devel-linux-x86_64-fedora-gcc, r-devel-windows-x86_64
Version: 0.8.11
Check: for GNU extensions in Makefiles
Result: NOTE
GNU make is a SystemRequirements.
Flavors: r-devel-linux-x86_64-debian-clang, r-devel-linux-x86_64-debian-gcc, r-devel-linux-x86_64-fedora-clang, r-devel-linux-x86_64-fedora-gcc, r-devel-windows-x86_64, r-patched-linux-x86_64, r-release-linux-x86_64, r-release-macos-arm64, r-release-macos-x86_64, r-release-windows-x86_64, r-oldrel-macos-arm64, r-oldrel-macos-x86_64, r-oldrel-windows-ix86+x86_64
Version: 0.8.11
Check: installed package size
Result: NOTE
installed size is 5.0Mb
sub-directories of 1Mb or more:
libs 4.6Mb
Flavors: r-release-macos-arm64, r-release-macos-x86_64, r-oldrel-macos-arm64, r-oldrel-macos-x86_64