CRAN Package Check Results for Package datagovsgR

Last updated on 2024-06-20 00:59:30 CEST.

Flavor Version Tinstall Tcheck Ttotal Status Flags
r-devel-linux-x86_64-debian-clang 1.0.0 3.33 49.64 52.97 ERROR
r-devel-linux-x86_64-debian-gcc 1.0.0 3.78 38.21 41.99 OK
r-devel-linux-x86_64-fedora-clang 1.0.0 69.95 ERROR
r-devel-linux-x86_64-fedora-gcc 1.0.0 78.78 ERROR
r-devel-windows-x86_64 1.0.0 5.00 68.00 73.00 ERROR
r-patched-linux-x86_64 1.0.0 4.42 48.43 52.85 OK
r-release-linux-x86_64 1.0.0 4.65 47.55 52.20 ERROR
r-release-macos-arm64 1.0.0 42.00 ERROR
r-release-macos-x86_64 1.0.0 55.00 OK
r-release-windows-x86_64 1.0.0 6.00 81.00 87.00 OK
r-oldrel-macos-arm64 1.0.0 42.00 OK
r-oldrel-macos-x86_64 1.0.0 56.00 OK
r-oldrel-windows-x86_64 1.0.0 7.00 86.00 93.00 OK

Additional issues

M1mac

Check Details

Version: 1.0.0
Check: examples
Result: ERROR Running examples in ‘datagovsgR-Ex.R’ failed The error most likely occurred in: > base::assign(".ptime", proc.time(), pos = "CheckExEnv") > ### Name: taxi_availability > ### Title: Taxi Availability > ### Aliases: taxi_availability > ### Keywords: taxi > > ### ** Examples > > taxi_availability() Error in taxi_availability() : No data returned from API. Execution halted Flavors: r-devel-linux-x86_64-debian-clang, r-release-linux-x86_64

Version: 1.0.0
Check: dependencies in R code
Result: NOTE Namespace in Imports field not imported from: ‘purrr’ All declared Imports should be used. Flavors: r-devel-linux-x86_64-fedora-clang, r-devel-linux-x86_64-fedora-gcc

Version: 1.0.0
Check: examples
Result: ERROR Running examples in ‘datagovsgR-Ex.R’ failed The error most likely occurred in: > ### Name: taxi_availability > ### Title: Taxi Availability > ### Aliases: taxi_availability > ### Keywords: taxi > > ### ** Examples > > taxi_availability() Error in taxi_availability() : No data returned from API. Execution halted Flavors: r-devel-linux-x86_64-fedora-clang, r-devel-linux-x86_64-fedora-gcc, r-devel-windows-x86_64

Version: 1.0.0
Check: examples
Result: ERROR Running examples in ‘datagovsgR-Ex.R’ failed The error most likely occurred in: > ### Name: psi > ### Title: PSI(PoullutantStandardIndex) > ### Aliases: psi > ### Keywords: PSI > > ### ** Examples > > psi() Error in curl::curl_fetch_memory(url, handle = handle) : Timeout was reached: [api.data.gov.sg] Resolving timed out after 10003 milliseconds Calls: psi ... request_fetch -> request_fetch.write_memory -> <Anonymous> Execution halted Flavor: r-release-macos-arm64