CRAN Package Check Results for Package dataframeexplorer

Last updated on 2021-08-03 23:52:04 CEST.

Flavor Version Tinstall Tcheck Ttotal Status Flags
r-devel-linux-x86_64-debian-clang 1.0.0 2.75 28.31 31.06 NOTE
r-devel-linux-x86_64-debian-gcc 1.0.0 2.11 22.21 24.32 NOTE
r-devel-linux-x86_64-fedora-clang 1.0.0 46.61 NOTE
r-devel-linux-x86_64-fedora-gcc 1.0.0 35.23 NOTE
r-devel-windows-x86_64 1.0.0 4.00 43.00 47.00 NOTE
r-devel-windows-x86_64-gcc10-UCRT 1.0.0 NOTE
r-patched-linux-x86_64 1.0.0 2.73 26.90 29.63 NOTE
r-patched-solaris-x86 1.0.0 58.00 NOTE
r-release-linux-x86_64 1.0.0 1.75 27.01 28.76 NOTE
r-release-macos-arm64 1.0.0 NOTE
r-release-macos-x86_64 1.0.0 NOTE
r-release-windows-ix86+x86_64 1.0.0 6.00 45.00 51.00 NOTE
r-oldrel-macos-x86_64 1.0.0 OK
r-oldrel-windows-ix86+x86_64 1.0.0 5.00 43.00 48.00 OK

Check Details

Version: 1.0.0
Check: LazyData
Result: NOTE
     'LazyData' is specified without a 'data' directory
Flavors: r-devel-linux-x86_64-debian-clang, r-devel-linux-x86_64-debian-gcc, r-devel-linux-x86_64-fedora-clang, r-devel-linux-x86_64-fedora-gcc, r-devel-windows-x86_64, r-devel-windows-x86_64-gcc10-UCRT, r-patched-linux-x86_64, r-patched-solaris-x86, r-release-linux-x86_64, r-release-macos-arm64, r-release-macos-x86_64, r-release-windows-ix86+x86_64