CRAN Package Check Results for Package datadogr

Last updated on 2024-06-14 00:53:39 CEST.

Flavor Version Tinstall Tcheck Ttotal Status Flags
r-devel-linux-x86_64-debian-clang 0.1.2 3.64 36.91 40.55 NOTE
r-devel-linux-x86_64-debian-gcc 0.1.2 0.30 1.71 2.01 ERROR
r-devel-linux-x86_64-fedora-clang 0.1.2 49.59 NOTE
r-devel-linux-x86_64-fedora-gcc 0.1.2 46.49 NOTE
r-devel-windows-x86_64 0.1.2 4.00 54.00 58.00 NOTE
r-patched-linux-x86_64 0.1.2 3.41 34.70 38.11 NOTE
r-release-linux-x86_64 0.1.2 3.47 34.56 38.03 NOTE
r-release-macos-arm64 0.1.2 21.00 NOTE
r-release-macos-x86_64 0.1.2 36.00 NOTE
r-release-windows-x86_64 0.1.2 5.00 58.00 63.00 NOTE
r-oldrel-macos-arm64 0.1.2 21.00 NOTE
r-oldrel-macos-x86_64 0.1.2 30.00 NOTE
r-oldrel-windows-x86_64 0.1.2 5.00 57.00 62.00 NOTE

Check Details

Version: 0.1.2
Check: LazyData
Result: NOTE 'LazyData' is specified without a 'data' directory Flavors: r-devel-linux-x86_64-debian-clang, r-devel-linux-x86_64-fedora-clang, r-devel-linux-x86_64-fedora-gcc, r-devel-windows-x86_64, r-patched-linux-x86_64, r-release-linux-x86_64, r-release-macos-arm64, r-release-macos-x86_64, r-release-windows-x86_64, r-oldrel-macos-arm64, r-oldrel-macos-x86_64, r-oldrel-windows-x86_64

Version: 0.1.2
Check: package dependencies
Result: ERROR Packages required but not available: 'dplyr', 'lubridate', 'purrr', 'stringr', 'tidyr', 'tibble' Package suggested but not available for checking: ‘testthat’ See section ‘The DESCRIPTION file’ in the ‘Writing R Extensions’ manual. Flavor: r-devel-linux-x86_64-debian-gcc