CRAN Package Check Results for Package datadigest

Last updated on 2021-10-19 23:52:52 CEST.

Flavor Version Tinstall Tcheck Ttotal Status Flags
r-devel-linux-x86_64-debian-clang 1.0.2 9.97 100.33 110.30 NOTE
r-devel-linux-x86_64-debian-gcc 1.0.2 9.23 75.52 84.75 NOTE
r-devel-linux-x86_64-fedora-clang 1.0.2 145.71 NOTE
r-devel-linux-x86_64-fedora-gcc 1.0.2 130.58 NOTE
r-devel-windows-x86_64 1.0.2 19.00 128.00 147.00 WARN
r-devel-windows-x86_64-gcc10-UCRT 1.0.2 NOTE
r-patched-linux-x86_64 1.0.2 10.98 93.74 104.72 NOTE
r-patched-solaris-x86 1.0.2 191.20 NOTE
r-release-linux-x86_64 1.0.2 9.59 95.40 104.99 NOTE
r-release-macos-arm64 1.0.2 NOTE
r-release-macos-x86_64 1.0.2 NOTE
r-release-windows-ix86+x86_64 1.0.2 29.00 121.00 150.00 WARN
r-oldrel-macos-x86_64 1.0.2 NOTE
r-oldrel-windows-ix86+x86_64 1.0.2 30.00 123.00 153.00 WARN

Check Details

Version: 1.0.2
Check: LazyData
Result: NOTE
     'LazyData' is specified without a 'data' directory
Flavors: r-devel-linux-x86_64-debian-clang, r-devel-linux-x86_64-debian-gcc, r-devel-linux-x86_64-fedora-clang, r-devel-linux-x86_64-fedora-gcc, r-devel-windows-x86_64, r-devel-windows-x86_64-gcc10-UCRT, r-patched-linux-x86_64, r-patched-solaris-x86, r-release-linux-x86_64, r-release-macos-arm64, r-release-macos-x86_64, r-release-windows-ix86+x86_64

Version: 1.0.2
Check: package vignettes
Result: NOTE
    Package vignette with placeholder title 'Vignette Title':
     'datadigest.Rmd'
Flavors: r-devel-linux-x86_64-debian-clang, r-devel-linux-x86_64-debian-gcc, r-devel-windows-x86_64, r-patched-linux-x86_64, r-release-linux-x86_64, r-release-windows-ix86+x86_64, r-oldrel-windows-ix86+x86_64

Version: 1.0.2
Check: dependencies in R code
Result: NOTE
    Namespace in Imports field not imported from: ‘miniUI’
     All declared Imports should be used.
Flavors: r-devel-linux-x86_64-fedora-clang, r-devel-linux-x86_64-fedora-gcc, r-devel-windows-x86_64-gcc10-UCRT, r-patched-solaris-x86, r-release-macos-arm64, r-release-macos-x86_64, r-oldrel-macos-x86_64

Version: 1.0.2
Check: re-building of vignette outputs
Result: WARN
    Error(s) in re-building vignettes:
    --- re-building 'datadigest.Rmd' using rmarkdown
    pandoc.exe: Unknown extension: gfm_auto_identifiers
    Error: processing vignette 'datadigest.Rmd' failed with diagnostics:
    pandoc document conversion failed with error 7
    --- failed re-building 'datadigest.Rmd'
    
    SUMMARY: processing the following file failed:
     'datadigest.Rmd'
    
    Error: Vignette re-building failed.
    Execution halted
Flavors: r-devel-windows-x86_64, r-release-windows-ix86+x86_64, r-oldrel-windows-ix86+x86_64