CRAN Package Check Results for Package dataReporter

Last updated on 2021-08-03 23:52:04 CEST.

Flavor Version Tinstall Tcheck Ttotal Status Flags
r-devel-linux-x86_64-debian-clang 1.0.0 8.41 90.35 98.76 OK
r-devel-linux-x86_64-debian-gcc 1.0.0 7.29 66.56 73.85 OK
r-devel-linux-x86_64-fedora-clang 1.0.0 133.36 OK
r-devel-linux-x86_64-fedora-gcc 1.0.0 117.23 OK
r-devel-windows-x86_64 1.0.0 24.00 116.00 140.00 OK
r-devel-windows-x86_64-gcc10-UCRT 1.0.0 OK
r-patched-linux-x86_64 1.0.0 15.16 83.53 98.69 OK
r-patched-solaris-x86 1.0.0 147.20 OK
r-release-linux-x86_64 1.0.0 8.76 83.51 92.27 OK
r-release-macos-arm64 1.0.0 WARN
r-release-macos-x86_64 1.0.0 OK
r-release-windows-ix86+x86_64 1.0.0 25.00 118.00 143.00 OK
r-oldrel-macos-x86_64 1.0.0 OK
r-oldrel-windows-ix86+x86_64 1.0.0 17.00 120.00 137.00 OK

Check Details

Version: 1.0.0
Check: re-building of vignette outputs
Result: WARN
    Error(s) in re-building vignettes:
    --- re-building ‘extending_dataReporter.Rmd’ using rmarkdown
    Warning in engine$weave(file, quiet = quiet, encoding = enc) :
     Pandoc (>= 1.12.3) not available. Falling back to R Markdown v1.
    Warning in doTryCatch(return(expr), name, parentenv, handler) :
     no font could be found for family "Arial"
    Warning in doTryCatch(return(expr), name, parentenv, handler) :
     no font could be found for family "Arial"
    Warning in doTryCatch(return(expr), name, parentenv, handler) :
     no font could be found for family "Arial"
    Warning in doTryCatch(return(expr), name, parentenv, handler) :
     no font could be found for family "Arial"
    Warning in doTryCatch(return(expr), name, parentenv, handler) :
     no font could be found for family "Arial"
    Warning in doTryCatch(return(expr), name, parentenv, handler) :
     no font could be found for family "Arial"
    Warning in doTryCatch(return(expr), name, parentenv, handler) :
     no font could be found for family "Arial"
    Warning in doTryCatch(return(expr), name, parentenv, handler) :
     no font could be found for family "Arial"
    Warning in doTryCatch(return(expr), name, parentenv, handler) :
     no font could be found for family "Arial"
    Warning in doTryCatch(return(expr), name, parentenv, handler) :
     no font could be found for family "Arial"
    Warning in doTryCatch(return(expr), name, parentenv, handler) :
     no font could be found for family "Arial"
    Warning in doTryCatch(return(expr), name, parentenv, handler) :
     no font could be found for family "Arial"
    Warning in doTryCatch(return(expr), name, parentenv, handler) :
     no font could be found for family "Arial"
    Quitting from lines 526-527 (extending_dataReporter.Rmd)
    Error: processing vignette 'extending_dataReporter.Rmd' failed with diagnostics:
    polygon edge not found
    --- failed re-building ‘extending_dataReporter.Rmd’
    
    SUMMARY: processing the following file failed:
     ‘extending_dataReporter.Rmd’
    
    Error: Vignette re-building failed.
    Execution halted
Flavor: r-release-macos-arm64