CRAN Package Check Results for Package dataPreparation

Last updated on 2024-07-17 00:48:15 CEST.

Flavor Version Tinstall Tcheck Ttotal Status Flags
r-devel-linux-x86_64-debian-clang 1.1.1 16.68 128.39 145.07 NOTE
r-devel-linux-x86_64-debian-gcc 1.1.1 11.86 101.88 113.74 NOTE
r-devel-linux-x86_64-fedora-clang 1.1.1 180.07 NOTE
r-devel-linux-x86_64-fedora-gcc 1.1.1 167.47 NOTE
r-devel-windows-x86_64 1.1.1 13.00 133.00 146.00 NOTE
r-patched-linux-x86_64 1.1.1 17.93 126.74 144.67 NOTE
r-release-linux-x86_64 1.1.1 13.47 126.09 139.56 NOTE
r-release-macos-arm64 1.1.1 50.00 NOTE
r-release-macos-x86_64 1.1.1 77.00 NOTE
r-release-windows-x86_64 1.1.1 13.00 128.00 141.00 NOTE
r-oldrel-macos-arm64 1.1.1 50.00 OK
r-oldrel-macos-x86_64 1.1.1 134.00 OK
r-oldrel-windows-x86_64 1.1.1 16.00 151.00 167.00 OK

Check Details

Version: 1.1.1
Check: Rd files
Result: NOTE checkRd: (-1) build_date_factor.Rd:15: Lost braces; missing escapes or markup? 15 | Map a vector of dates to a factor at one of these levels {"yearmonth", "yearquarter", "quarter", "month"} | ^ checkRd: (-1) build_date_factor.Rd:12: Lost braces; missing escapes or markup? 12 | \item{type}{One of {"year", "yearquarter", "yearmonth", "quarter", "month"}} | ^ Flavors: r-devel-linux-x86_64-debian-clang, r-devel-linux-x86_64-debian-gcc, r-devel-linux-x86_64-fedora-clang, r-devel-linux-x86_64-fedora-gcc, r-devel-windows-x86_64, r-patched-linux-x86_64, r-release-linux-x86_64, r-release-macos-arm64, r-release-macos-x86_64, r-release-windows-x86_64

Version: 1.1.1
Check: Rd cross-references
Result: NOTE Found the following Rd file(s) with Rd \link{} targets missing package anchors: aggregate_by_key.Rd: data.table build_target_encoding.Rd: data.table fast_handle_na.Rd: copy, data.table generate_date_diffs.Rd: data.table set_col_as_character.Rd: data.table set_col_as_date.Rd: data.table set_col_as_factor.Rd: data.table set_col_as_numeric.Rd: data.table Please provide package anchors for all Rd \link{} targets not in the package itself and the base packages. Flavor: r-devel-windows-x86_64