CRAN Package Check Results for Package data.table

Last updated on 2021-12-02 23:51:03 CET.

Flavor Version Tinstall Tcheck Ttotal Status Flags
r-devel-linux-x86_64-debian-clang 1.14.2 39.31 138.99 178.30 OK --no-tests
r-devel-linux-x86_64-debian-gcc 1.14.2 30.71 100.95 131.66 OK --no-tests
r-devel-linux-x86_64-fedora-clang 1.14.2 432.16 NOTE
r-devel-linux-x86_64-fedora-gcc 1.14.2 400.08 OK
r-devel-windows-x86_64-new-UL 1.14.2 99.00 0.00 99.00 FAIL
r-devel-windows-x86_64-new-TK 1.14.2 OK --no-tests
r-devel-windows-x86_64-old 1.14.2 68.00 346.00 414.00 OK
r-patched-linux-x86_64 1.14.2 36.97 130.59 167.56 OK --no-tests
r-patched-solaris-x86 1.14.2 444.60 OK
r-release-linux-x86_64 1.14.2 36.00 128.09 164.09 OK --no-tests
r-release-macos-arm64 1.14.2 OK
r-release-macos-x86_64 1.14.2 OK
r-release-windows-ix86+x86_64 1.14.2 118.00 571.00 689.00 OK
r-oldrel-macos-x86_64 1.14.2 OK
r-oldrel-windows-ix86+x86_64 1.14.2 108.00 638.00 746.00 OK

Check Details

Version: 1.14.2
Check: installed package size
Result: NOTE
     installed size is 5.0Mb
     sub-directories of 1Mb or more:
     libs 1.7Mb
Flavor: r-devel-linux-x86_64-fedora-clang

Version: 1.14.2
Check: tests
Result: FAIL
    Check process probably crashed or hung up for 20 minutes ... killed
    Most likely this happened in the example checks (?),
    if not, ignore the following last lines of example output:
    > ### * update.dev.pkg
    >
    > flush(stderr()); flush(stdout())
    >
    > ### Name: update.dev.pkg
    > ### Title: Perform update of development version of a package
    > ### Aliases: update update.dev.pkg
    > ### Keywords: data
    >
    > ### ** Examples
    >
    > # data.table::update.dev.pkg()
    >
    >
    >
    > ### * <FOOTER>
    > ###
    > cleanEx()
    > options(digits = 7L)
    > base::cat("Time elapsed: ", proc.time() - base::get("ptime", pos = 'CheckExEnv'),"\n")
    Time elapsed: 8.06 0.23 10.78 NA NA
    > grDevices::dev.off()
    null device
     1
    > ###
    > ### Local variables: ***
    > ### mode: outline-minor ***
    > ### outline-regexp: "\\(> \\)?### [*]+" ***
    > ### End: ***
    > quit('no')
    ======== End of example output (where/before crash/hang up occured ?) ========
Flavor: r-devel-windows-x86_64-new-UL