CRAN Package Check Results for Package dashTable

Last updated on 2022-05-17 23:56:33 CEST.

Flavor Version Tinstall Tcheck Ttotal Status Flags
r-devel-linux-x86_64-debian-clang 4.7.0 3.49 30.31 33.80 NOTE
r-devel-linux-x86_64-debian-gcc 4.7.0 2.66 24.09 26.75 NOTE
r-devel-linux-x86_64-fedora-clang 4.7.0 40.37 NOTE
r-devel-linux-x86_64-fedora-gcc 4.7.0 38.32 NOTE
r-devel-windows-x86_64 4.7.0 83.00 47.00 130.00 NOTE
r-patched-linux-x86_64 4.7.0 3.30 29.78 33.08 NOTE
r-release-linux-x86_64 4.7.0 2.63 29.73 32.36 NOTE
r-release-macos-arm64 4.7.0 17.00 NOTE
r-release-macos-x86_64 4.7.0 21.00 NOTE
r-release-windows-x86_64 4.7.0 52.00 45.00 97.00 NOTE
r-oldrel-macos-arm64 4.7.0 19.00 NOTE
r-oldrel-macos-x86_64 4.7.0 28.00 NOTE
r-oldrel-windows-ix86+x86_64 4.7.0 7.00 37.00 44.00 NOTE

Check Details

Version: 4.7.0
Check: LazyData
Result: NOTE
     'LazyData' is specified without a 'data' directory
Flavors: r-devel-linux-x86_64-debian-clang, r-devel-linux-x86_64-debian-gcc, r-devel-linux-x86_64-fedora-clang, r-devel-linux-x86_64-fedora-gcc, r-devel-windows-x86_64, r-patched-linux-x86_64, r-release-linux-x86_64, r-release-macos-arm64, r-release-macos-x86_64, r-release-windows-x86_64, r-oldrel-macos-arm64, r-oldrel-macos-x86_64, r-oldrel-windows-ix86+x86_64

Version: 4.7.0
Check: installed package size
Result: NOTE
     installed size is 6.7Mb
     sub-directories of 1Mb or more:
     deps 6.5Mb
Flavors: r-devel-linux-x86_64-fedora-clang, r-devel-windows-x86_64, r-release-macos-arm64, r-release-macos-x86_64, r-release-windows-x86_64, r-oldrel-macos-arm64, r-oldrel-macos-x86_64, r-oldrel-windows-ix86+x86_64