CRAN Package Check Results for Package dann

Last updated on 2024-06-14 00:53:39 CEST.

Flavor Version Tinstall Tcheck Ttotal Status Flags
r-devel-linux-x86_64-debian-clang 1.0.0 43.91 154.77 198.68 OK
r-devel-linux-x86_64-debian-gcc 1.0.0 0.36 1.76 2.12 ERROR
r-devel-linux-x86_64-fedora-clang 1.0.0 271.77 OK
r-devel-linux-x86_64-fedora-gcc 1.0.0 246.00 OK
r-devel-windows-x86_64 1.0.0 35.00 128.00 163.00 OK
r-patched-linux-x86_64 1.0.0 35.33 152.18 187.51 OK
r-release-linux-x86_64 1.0.0 38.21 151.70 189.91 OK
r-release-macos-arm64 1.0.0 55.00 OK
r-release-macos-x86_64 1.0.0 81.00 OK
r-release-windows-x86_64 1.0.0 36.00 126.00 162.00 OK
r-oldrel-macos-arm64 1.0.0 59.00 OK
r-oldrel-macos-x86_64 1.0.0 164.00 OK
r-oldrel-windows-x86_64 1.0.0 42.00 165.00 207.00 OK

Check Details

Version: 1.0.0
Check: package dependencies
Result: ERROR Packages required but not available: 'tibble', 'ggplot2', 'stringr', 'purrr', 'hardhat' Packages suggested but not available for checking: 'testthat', 'dplyr', 'recipes' See section ‘The DESCRIPTION file’ in the ‘Writing R Extensions’ manual. Flavor: r-devel-linux-x86_64-debian-gcc