CRAN Package Check Results for Package dagitty

Last updated on 2021-09-26 23:49:33 CEST.

Flavor Version Tinstall Tcheck Ttotal Status Flags
r-devel-linux-x86_64-debian-clang 0.3-1 5.69 54.14 59.83 NOTE
r-devel-linux-x86_64-debian-gcc 0.3-1 4.14 42.86 47.00 NOTE
r-devel-linux-x86_64-fedora-clang 0.3-1 79.78 NOTE
r-devel-linux-x86_64-fedora-gcc 0.3-1 69.96 NOTE
r-devel-windows-x86_64 0.3-1 9.00 67.00 76.00 NOTE
r-devel-windows-x86_64-gcc10-UCRT 0.3-1 NOTE
r-patched-linux-x86_64 0.3-1 6.49 52.16 58.65 NOTE
r-patched-solaris-x86 0.3-1 93.10 NOTE
r-release-linux-x86_64 0.3-1 4.73 51.92 56.65 NOTE
r-release-macos-arm64 0.3-1 NOTE
r-release-macos-x86_64 0.3-1 NOTE
r-release-windows-ix86+x86_64 0.3-1 15.00 84.00 99.00 NOTE
r-oldrel-macos-x86_64 0.3-1 OK
r-oldrel-windows-ix86+x86_64 0.3-1 24.00 64.00 88.00 OK

Check Details

Version: 0.3-1
Check: LazyData
Result: NOTE
     'LazyData' is specified without a 'data' directory
Flavors: r-devel-linux-x86_64-debian-clang, r-devel-linux-x86_64-debian-gcc, r-devel-linux-x86_64-fedora-clang, r-devel-linux-x86_64-fedora-gcc, r-devel-windows-x86_64, r-devel-windows-x86_64-gcc10-UCRT, r-patched-linux-x86_64, r-patched-solaris-x86, r-release-linux-x86_64, r-release-macos-arm64, r-release-macos-x86_64, r-release-windows-ix86+x86_64