CRAN Package Check Results for Package daff

Last updated on 2022-01-21 23:48:43 CET.

Flavor Version Tinstall Tcheck Ttotal Status Flags
r-devel-linux-x86_64-debian-clang 0.3.5 3.63 45.86 49.49 NOTE
r-devel-linux-x86_64-debian-gcc 0.3.5 2.27 35.87 38.14 NOTE
r-devel-linux-x86_64-fedora-clang 0.3.5 61.33 NOTE
r-devel-linux-x86_64-fedora-gcc 0.3.5 50.21 NOTE
r-devel-windows-x86_64-new-UL 0.3.5 24.00 65.00 89.00 NOTE
r-devel-windows-x86_64-new-TK 0.3.5 NOTE
r-patched-linux-x86_64 0.3.5 2.98 44.82 47.80 NOTE
r-release-linux-x86_64 0.3.5 2.92 45.52 48.44 NOTE
r-release-macos-arm64 0.3.5 NOTE
r-release-macos-x86_64 0.3.5 NOTE
r-release-windows-ix86+x86_64 0.3.5 11.00 74.00 85.00 NOTE
r-oldrel-macos-x86_64 0.3.5 OK
r-oldrel-windows-ix86+x86_64 0.3.5 12.00 73.00 85.00 OK

Check Details

Version: 0.3.5
Check: LazyData
Result: NOTE
     'LazyData' is specified without a 'data' directory
Flavors: r-devel-linux-x86_64-debian-clang, r-devel-linux-x86_64-debian-gcc, r-devel-linux-x86_64-fedora-clang, r-devel-linux-x86_64-fedora-gcc, r-devel-windows-x86_64-new-UL, r-devel-windows-x86_64-new-TK, r-patched-linux-x86_64, r-release-linux-x86_64, r-release-macos-arm64, r-release-macos-x86_64, r-release-windows-ix86+x86_64