Last updated on 2023-05-30 00:59:42 CEST.
Flavor | Version | Tinstall | Tcheck | Ttotal | Status | Flags |
---|---|---|---|---|---|---|
r-devel-linux-x86_64-debian-clang | 0.1.0 | 6.99 | 87.71 | 94.70 | OK | |
r-devel-linux-x86_64-debian-gcc | 0.1.0 | 5.57 | 68.73 | 74.30 | OK | |
r-devel-linux-x86_64-fedora-clang | 0.1.0 | 120.02 | NOTE | |||
r-devel-linux-x86_64-fedora-gcc | 0.1.0 | 115.03 | NOTE | |||
r-devel-windows-x86_64 | 0.1.0 | 10.00 | 88.00 | 98.00 | OK | |
r-patched-linux-x86_64 | 0.1.0 | 6.23 | 82.49 | 88.72 | OK | |
r-release-linux-x86_64 | 0.1.0 | 6.42 | 80.99 | 87.41 | OK | |
r-release-macos-arm64 | 0.1.0 | 44.00 | OK | |||
r-release-macos-x86_64 | 0.1.0 | 69.00 | OK | |||
r-release-windows-x86_64 | 0.1.0 | 10.00 | 104.00 | 114.00 | OK | |
r-oldrel-macos-arm64 | 0.1.0 | 51.00 | NOTE | |||
r-oldrel-macos-x86_64 | 0.1.0 | 96.00 | NOTE | |||
r-oldrel-windows-x86_64 | 0.1.0 | 10.00 | 122.00 | 132.00 | OK |
Version: 0.1.0
Check: data for non-ASCII characters
Result: NOTE
Note: found 109157 marked UTF-8 strings
Flavors: r-devel-linux-x86_64-fedora-clang, r-devel-linux-x86_64-fedora-gcc, r-oldrel-macos-arm64, r-oldrel-macos-x86_64