Last updated on 2023-06-02 01:00:23 CEST.
Flavor | Version | Tinstall | Tcheck | Ttotal | Status | Flags |
---|---|---|---|---|---|---|
r-devel-linux-x86_64-debian-clang | 0.2.2 | 5.41 | 46.89 | 52.30 | OK | |
r-devel-linux-x86_64-debian-gcc | 0.2.2 | 4.68 | 35.37 | 40.05 | OK | |
r-devel-linux-x86_64-fedora-clang | 0.2.2 | 66.01 | NOTE | |||
r-devel-linux-x86_64-fedora-gcc | 0.2.2 | 61.18 | NOTE | |||
r-devel-windows-x86_64 | 0.2.2 | 8.00 | 56.00 | 64.00 | OK | |
r-patched-linux-x86_64 | 0.2.2 | OK | ||||
r-release-linux-x86_64 | 0.2.2 | 4.67 | 44.13 | 48.80 | OK | |
r-release-macos-arm64 | 0.2.2 | 23.00 | OK | |||
r-release-macos-x86_64 | 0.2.2 | 34.00 | OK | |||
r-release-windows-x86_64 | 0.2.2 | 9.00 | 59.00 | 68.00 | OK | |
r-oldrel-macos-arm64 | 0.2.2 | 22.00 | NOTE | |||
r-oldrel-macos-x86_64 | 0.2.2 | 44.00 | NOTE | |||
r-oldrel-windows-x86_64 | 0.2.2 | 9.00 | 62.00 | 71.00 | OK |
Version: 0.2.2
Check: dependencies in R code
Result: NOTE
Namespace in Imports field not imported from: ‘magrittr’
All declared Imports should be used.
Flavors: r-devel-linux-x86_64-fedora-clang, r-devel-linux-x86_64-fedora-gcc, r-oldrel-macos-arm64, r-oldrel-macos-x86_64