CRAN Package Check Results for Package cxr

Last updated on 2023-05-29 00:59:31 CEST.

Flavor Version Tinstall Tcheck Ttotal Status Flags
r-devel-linux-x86_64-debian-clang 1.0.0 7.40 203.53 210.93 OK
r-devel-linux-x86_64-debian-gcc 1.0.0 6.01 155.62 161.63 OK
r-devel-linux-x86_64-fedora-clang 1.0.0 275.04 NOTE
r-devel-linux-x86_64-fedora-gcc 1.0.0 276.35 NOTE
r-devel-windows-x86_64 1.0.0 9.00 207.00 216.00 OK
r-patched-linux-x86_64 1.0.0 9.19 195.57 204.76 OK
r-release-linux-x86_64 1.0.0 7.58 195.81 203.39 OK
r-release-macos-arm64 1.0.0 93.00 OK
r-release-macos-x86_64 1.0.0 130.00 NOTE
r-release-windows-x86_64 1.0.0 13.00 222.00 235.00 OK
r-oldrel-macos-arm64 1.0.0 75.00 OK
r-oldrel-macos-x86_64 1.0.0 111.00 OK
r-oldrel-windows-x86_64 1.0.0 13.00 208.00 221.00 OK

Check Details

Version: 1.0.0
Check: package dependencies
Result: NOTE
    Suggests orphaned package: ‘ucminf’
Flavors: r-devel-linux-x86_64-fedora-clang, r-devel-linux-x86_64-fedora-gcc

Version: 1.0.0
Check: package dependencies
Result: NOTE
    Package suggested but not available for checking: ‘hydroPSO’
Flavor: r-release-macos-x86_64