CRAN Package Check Results for Package cwm

Last updated on 2021-12-04 23:50:29 CET.

Flavor Version Tinstall Tcheck Ttotal Status Flags
r-devel-linux-x86_64-debian-clang 0.0.3 2.99 57.98 60.97 NOTE
r-devel-linux-x86_64-debian-gcc 0.0.3 3.03 45.03 48.06 NOTE
r-devel-linux-x86_64-fedora-clang 0.0.3 84.58 NOTE
r-devel-linux-x86_64-fedora-gcc 0.0.3 72.31 NOTE
r-devel-windows-x86_64-new-UL 0.0.3 8.00 121.00 129.00 NOTE
r-devel-windows-x86_64-new-TK 0.0.3 NOTE
r-devel-windows-x86_64-old 0.0.3 6.00 61.00 67.00 NOTE
r-patched-linux-x86_64 0.0.3 3.38 48.67 52.05 NOTE
r-release-linux-x86_64 0.0.3 3.46 48.53 51.99 NOTE
r-release-macos-arm64 0.0.3 NOTE
r-release-macos-x86_64 0.0.3 NOTE
r-release-windows-ix86+x86_64 0.0.3 7.00 84.00 91.00 NOTE
r-oldrel-macos-x86_64 0.0.3 NOTE
r-oldrel-windows-ix86+x86_64 0.0.3 7.00 72.00 79.00 NOTE

Check Details

Version: 0.0.3
Check: R code for possible problems
Result: NOTE
    .mixgauss_init: no visible global function definition for 'cov'
    .mixgauss_init: no visible global function definition for 'var'
    Undefined global functions or variables:
     cov var
    Consider adding
     importFrom("stats", "cov", "var")
    to your NAMESPACE file.
Flavors: r-devel-linux-x86_64-debian-clang, r-devel-linux-x86_64-debian-gcc, r-devel-linux-x86_64-fedora-clang, r-devel-linux-x86_64-fedora-gcc, r-devel-windows-x86_64-new-UL, r-devel-windows-x86_64-new-TK, r-devel-windows-x86_64-old, r-patched-linux-x86_64, r-release-linux-x86_64, r-release-macos-arm64, r-release-macos-x86_64, r-release-windows-ix86+x86_64, r-oldrel-macos-x86_64, r-oldrel-windows-ix86+x86_64