CRAN Package Check Results for Package ctqr

Last updated on 2021-09-19 23:50:00 CEST.

Flavor Version Tinstall Tcheck Ttotal Status Flags
r-devel-linux-x86_64-debian-clang 2.0 11.03 97.79 108.82 OK
r-devel-linux-x86_64-debian-gcc 2.0 8.92 72.79 81.71 OK
r-devel-linux-x86_64-fedora-clang 2.0 138.50 OK
r-devel-linux-x86_64-fedora-gcc 2.0 123.26 OK
r-devel-windows-x86_64 2.0 15.00 92.00 107.00 OK
r-devel-windows-x86_64-gcc10-UCRT 2.0 ERROR
r-patched-linux-x86_64 2.0 15.79 90.95 106.74 OK
r-patched-solaris-x86 2.0 183.20 OK
r-release-linux-x86_64 2.0 10.05 91.44 101.49 OK
r-release-macos-arm64 2.0 OK
r-release-macos-x86_64 2.0 OK
r-release-windows-ix86+x86_64 2.0 28.00 86.00 114.00 OK
r-oldrel-macos-x86_64 2.0 OK
r-oldrel-windows-ix86+x86_64 2.0 30.00 99.00 129.00 OK

Check Details

Version: 2.0
Check: whether package can be installed
Result: WARN
    Found the following significant warnings:
     WARNING: installation-time patches will not be applied, could not get the patches index
Flavor: r-devel-windows-x86_64-gcc10-UCRT

Version: 2.0
Check: PDF version of manual
Result: WARN
    LaTeX errors when creating PDF version.
    This typically indicates Rd problems.
Flavor: r-devel-windows-x86_64-gcc10-UCRT

Version: 2.0
Check: PDF version of manual without hyperrefs or index
Result: ERROR
    Re-running with no redirection of stdout/stderr.
Flavor: r-devel-windows-x86_64-gcc10-UCRT