Last updated on 2023-01-30 00:31:08 CET.
Flavor | Version | Tinstall | Tcheck | Ttotal | Status | Flags |
---|---|---|---|---|---|---|
r-devel-linux-x86_64-debian-clang | 1.4.2 | 48.51 | 91.70 | 140.21 | WARN | |
r-devel-linux-x86_64-debian-gcc | 1.4.2 | 35.63 | 70.55 | 106.18 | WARN | |
r-devel-linux-x86_64-fedora-clang | 1.4.2 | 178.40 | WARN | |||
r-devel-linux-x86_64-fedora-gcc | 1.4.2 | 180.58 | WARN | |||
r-devel-windows-x86_64 | 1.4.2 | 54.00 | 151.00 | 205.00 | OK | |
r-patched-linux-x86_64 | 1.4.2 | 33.71 | 87.06 | 120.77 | OK | |
r-release-linux-x86_64 | 1.4.2 | 36.02 | 87.45 | 123.47 | OK | |
r-release-macos-arm64 | 1.4.2 | 142.00 | OK | |||
r-release-macos-x86_64 | 1.4.2 | 67.00 | OK | |||
r-release-windows-x86_64 | 1.4.2 | 44.00 | 147.00 | 191.00 | OK | |
r-oldrel-macos-arm64 | 1.4.2 | 120.00 | OK | |||
r-oldrel-macos-x86_64 | 1.4.2 | 69.00 | OK | |||
r-oldrel-windows-ix86+x86_64 | 1.4.2 | 100.00 | 164.00 | 264.00 | OK |
Version: 1.4.2
Check: whether package can be installed
Result: WARN
Found the following significant warnings:
init.c:11:47: warning: a function declaration without a prototype is deprecated in all versions of C [-Wstrict-prototypes]
See ‘/home/hornik/tmp/R.check/r-devel-clang/Work/PKGS/ctmcd.Rcheck/00install.out’ for details.
* used C compiler: ‘Debian clang version 15.0.6’
* used C++ compiler: ‘Debian clang version 15.0.6’
Flavor: r-devel-linux-x86_64-debian-clang
Version: 1.4.2
Check: whether package can be installed
Result: WARN
Found the following significant warnings:
init.c:11:1: warning: function declaration isn’t a prototype [-Wstrict-prototypes]
See ‘/home/hornik/tmp/R.check/r-devel-gcc/Work/PKGS/ctmcd.Rcheck/00install.out’ for details.
* used C compiler: ‘gcc-12 (Debian 12.2.0-14) 12.2.0’
* used C++ compiler: ‘g++-12 (Debian 12.2.0-14) 12.2.0’
Flavor: r-devel-linux-x86_64-debian-gcc
Version: 1.4.2
Check: whether package can be installed
Result: WARN
Found the following significant warnings:
init.c:11:47: warning: a function declaration without a prototype is deprecated in all versions of C [-Wstrict-prototypes]
See ‘/data/gannet/ripley/R/packages/tests-clang/ctmcd.Rcheck/00install.out’ for details.
* used C compiler: ‘clang version 15.0.6’
* used C++ compiler: ‘clang version 15.0.6’
Flavor: r-devel-linux-x86_64-fedora-clang
Version: 1.4.2
Check: whether package can be installed
Result: WARN
Found the following significant warnings:
init.c:11:1: warning: function declaration isn’t a prototype [-Wstrict-prototypes]
See ‘/data/gannet/ripley/R/packages/tests-devel/ctmcd.Rcheck/00install.out’ for details.
* used C compiler: ‘gcc (GCC) 12.2.1 20221121 (Red Hat 12.2.1-4)’
* used C++ compiler: ‘g++ (GCC) 12.2.1 20221121 (Red Hat 12.2.1-4)’
Flavor: r-devel-linux-x86_64-fedora-gcc