CRAN Package Check Results for Package csvy

Last updated on 2021-08-03 23:52:04 CEST.

Flavor Version Tinstall Tcheck Ttotal Status Flags
r-devel-linux-x86_64-debian-clang 0.3.0 2.84 31.93 34.77 OK
r-devel-linux-x86_64-debian-gcc 0.3.0 2.17 24.86 27.03 OK
r-devel-linux-x86_64-fedora-clang 0.3.0 50.90 OK
r-devel-linux-x86_64-fedora-gcc 0.3.0 39.45 OK
r-devel-windows-x86_64 0.3.0 4.00 47.00 51.00 OK
r-devel-windows-x86_64-gcc10-UCRT 0.3.0 ERROR
r-patched-linux-x86_64 0.3.0 2.78 30.22 33.00 OK
r-patched-solaris-x86 0.3.0 61.10 OK
r-release-linux-x86_64 0.3.0 2.91 30.23 33.14 OK
r-release-macos-arm64 0.3.0 OK
r-release-macos-x86_64 0.3.0 OK
r-release-windows-ix86+x86_64 0.3.0 7.00 37.00 44.00 OK
r-oldrel-macos-x86_64 0.3.0 OK
r-oldrel-windows-ix86+x86_64 0.3.0 5.00 48.00 53.00 OK

Check Details

Version: 0.3.0
Check: tests
Result: ERROR
     Running 'test-all.R'
    Running the tests in 'tests/test-all.R' failed.
    Complete output:
     > library("testthat")
     > library("csvy")
     > test_check("csvy", reporter = "summary")
     metadata:
     CSVY import/export with additional metadata: ....
     External metadata can be found and loaded: W.1.2
     read_metadata: ......
     read_csvy:
     CSVY import using read_csvy(): .....
     write_csvy:
     CSVY export using write_csvy(): .....
     write_metadata:
     write_metadata: ............
    
     ══ Warnings ════════════════════════════════════════════════════════════════════
     1. External metadata loads automatically (test-metadata.R:43:5) - 'metadata' should be either a .json or .yaml file.
    
     ══ Failed ══════════════════════════════════════════════════════════════════════
     ── 1. Failure (test-metadata.R:45:5): External metadata loads automatically ────
     file.exists(tmp_metadata) is not TRUE
    
     `actual`: FALSE
     `expected`: TRUE
    
     ── 2. Error (test-metadata.R:48:5): External metadata loads automatically ──────
     Error: invalid 'description' argument
     Backtrace:
     1. testthat::expect_identical(...) test-metadata.R:48:4
     4. base::readLines(dir(dirname(tmp), pattern = ".yaml", full.names = TRUE))
     5. base::file(con, "r")
    
     ══ DONE ════════════════════════════════════════════════════════════════════════
     Error: Test failures
     Execution halted
Flavor: r-devel-windows-x86_64-gcc10-UCRT