CRAN Package Check Results for Package crsra

Last updated on 2022-05-15 23:51:26 CEST.

Flavor Version Tinstall Tcheck Ttotal Status Flags
r-devel-linux-x86_64-debian-clang 0.2.3 12.98 134.18 147.16 OK
r-devel-linux-x86_64-debian-gcc 0.2.3 10.34 97.97 108.31 OK
r-devel-linux-x86_64-fedora-clang 0.2.3 174.29 NOTE
r-devel-linux-x86_64-fedora-gcc 0.2.3 172.47 NOTE
r-devel-windows-x86_64 0.2.3 21.00 153.00 174.00 OK
r-patched-linux-x86_64 0.2.3 16.47 123.64 140.11 OK
r-release-linux-x86_64 0.2.3 13.27 123.33 136.60 OK
r-release-macos-arm64 0.2.3 45.00 NOTE
r-release-macos-x86_64 0.2.3 105.00 NOTE
r-release-windows-x86_64 0.2.3 24.00 145.00 169.00 OK
r-oldrel-macos-arm64 0.2.3 63.00 NOTE
r-oldrel-macos-x86_64 0.2.3 86.00 NOTE
r-oldrel-windows-ix86+x86_64 0.2.3 27.00 161.00 188.00 OK

Check Details

Version: 0.2.3
Check: data for non-ASCII characters
Result: NOTE
     Note: found 500 marked UTF-8 strings
Flavors: r-devel-linux-x86_64-fedora-clang, r-devel-linux-x86_64-fedora-gcc, r-release-macos-arm64, r-release-macos-x86_64, r-oldrel-macos-arm64, r-oldrel-macos-x86_64