CRAN Package Check Results for Package crs

Last updated on 2021-12-02 23:51:03 CET.

Flavor Version Tinstall Tcheck Ttotal Status Flags
r-devel-linux-x86_64-debian-clang 0.15-33 249.84 282.51 532.35 OK
r-devel-linux-x86_64-debian-gcc 0.15-33 214.88 218.11 432.99 OK
r-devel-linux-x86_64-fedora-clang 0.15-33 822.45 NOTE
r-devel-linux-x86_64-fedora-gcc 0.15-33 734.13 OK
r-devel-windows-x86_64-new-UL 0.15-33 360.00 204.00 564.00 OK --no-vignettes
r-devel-windows-x86_64-new-TK 0.15-33 OK
r-devel-windows-x86_64-old 0.15-33 346.00 168.00 514.00 OK --no-vignettes
r-patched-linux-x86_64 0.15-33 242.41 274.44 516.85 OK
r-patched-solaris-x86 0.15-33 1059.50 NOTE
r-release-linux-x86_64 0.15-33 248.48 277.34 525.82 OK
r-release-macos-arm64 0.15-33 NOTE
r-release-macos-x86_64 0.15-33 NOTE
r-release-windows-ix86+x86_64 0.15-33 663.00 208.00 871.00 NOTE --no-vignettes
r-oldrel-macos-x86_64 0.15-33 NOTE
r-oldrel-windows-ix86+x86_64 0.15-33 676.00 224.00 900.00 NOTE --no-vignettes

Check Details

Version: 0.15-33
Check: installed package size
Result: NOTE
     installed size is 21.3Mb
     sub-directories of 1Mb or more:
     libs 19.6Mb
Flavors: r-devel-linux-x86_64-fedora-clang, r-patched-solaris-x86, r-release-macos-arm64, r-release-macos-x86_64, r-oldrel-macos-x86_64

Version: 0.15-33
Flags: --no-vignettes
Check: installed package size
Result: NOTE
     installed size is 8.2Mb
     sub-directories of 1Mb or more:
     libs 6.6Mb
Flavors: r-release-windows-ix86+x86_64, r-oldrel-windows-ix86+x86_64