CRAN Package Check Results for Package crossword.r

Last updated on 2023-06-09 00:54:19 CEST.

Flavor Version Tinstall Tcheck Ttotal Status Flags
r-devel-linux-x86_64-debian-clang 0.3.6 3.70 25.71 29.41 NOTE
r-devel-linux-x86_64-debian-gcc 0.3.6 1.95 20.08 22.03 NOTE
r-devel-linux-x86_64-fedora-clang 0.3.6 37.28 NOTE
r-devel-linux-x86_64-fedora-gcc 0.3.6 34.46 NOTE
r-devel-windows-x86_64 0.3.6 5.00 44.00 49.00 NOTE
r-patched-linux-x86_64 0.3.6 7.27 25.11 32.38 NOTE
r-release-linux-x86_64 0.3.6 3.37 24.79 28.16 NOTE
r-release-macos-arm64 0.3.6 18.00 NOTE
r-release-macos-x86_64 0.3.6 24.00 NOTE
r-release-windows-x86_64 0.3.6 4.00 42.00 46.00 NOTE
r-oldrel-macos-arm64 0.3.6 15.00 NOTE
r-oldrel-macos-x86_64 0.3.6 27.00 NOTE
r-oldrel-windows-x86_64 0.3.6 5.00 44.00 49.00 NOTE

Check Details

Version: 0.3.6
Check: LazyData
Result: NOTE
     'LazyData' is specified without a 'data' directory
Flavors: r-devel-linux-x86_64-debian-clang, r-devel-linux-x86_64-debian-gcc, r-devel-linux-x86_64-fedora-clang, r-devel-linux-x86_64-fedora-gcc, r-devel-windows-x86_64, r-patched-linux-x86_64, r-release-linux-x86_64, r-release-macos-arm64, r-release-macos-x86_64, r-release-windows-x86_64, r-oldrel-macos-arm64, r-oldrel-macos-x86_64, r-oldrel-windows-x86_64

Version: 0.3.6
Check: dependencies in R code
Result: NOTE
    Namespaces in Imports field not imported from:
     ‘R6’ ‘dplyr’ ‘r6extended’
     All declared Imports should be used.
Flavors: r-devel-linux-x86_64-fedora-clang, r-devel-linux-x86_64-fedora-gcc, r-oldrel-macos-arm64, r-oldrel-macos-x86_64