CRAN Package Check Results for Package crossdes

Last updated on 2021-05-16 23:46:53 CEST.

Flavor Version Tinstall Tcheck Ttotal Status Flags
r-devel-linux-x86_64-debian-clang 1.1-1 3.17 29.59 32.76 NOTE
r-devel-linux-x86_64-debian-gcc 1.1-1 2.22 23.10 25.32 NOTE
r-devel-linux-x86_64-fedora-clang 1.1-1 48.76 NOTE
r-devel-linux-x86_64-fedora-gcc 1.1-1 37.29 NOTE
r-devel-windows-ix86+x86_64 1.1-1 6.00 35.00 41.00 NOTE
r-devel-windows-x86_64-gcc10-UCRT 1.1-1 NOTE
r-patched-linux-x86_64 1.1-1 3.06 28.80 31.86 NOTE
r-patched-solaris-x86 1.1-1 61.20 NOTE
r-release-linux-x86_64 1.1-1 2.53 27.75 30.28 NOTE
r-release-macos-x86_64 1.1-1 NOTE
r-release-windows-ix86+x86_64 1.1-1 5.00 33.00 38.00 NOTE
r-oldrel-macos-x86_64 1.1-1 NOTE
r-oldrel-windows-ix86+x86_64 1.1-1 5.00 43.00 48.00 NOTE

Check Details

Version: 1.1-1
Check: R code for possible problems
Result: NOTE
    get.plan: no visible global function definition for 'menu'
    Undefined global functions or variables:
     menu
    Consider adding
     importFrom("utils", "menu")
    to your NAMESPACE file.
Flavors: r-devel-linux-x86_64-debian-clang, r-devel-linux-x86_64-debian-gcc, r-devel-linux-x86_64-fedora-clang, r-devel-linux-x86_64-fedora-gcc, r-devel-windows-ix86+x86_64, r-devel-windows-x86_64-gcc10-UCRT, r-patched-linux-x86_64, r-patched-solaris-x86, r-release-linux-x86_64, r-release-macos-x86_64, r-release-windows-ix86+x86_64, r-oldrel-macos-x86_64, r-oldrel-windows-ix86+x86_64