CRAN Package Check Results for Package cromwellDashboard

Last updated on 2023-06-10 00:54:42 CEST.

Flavor Version Tinstall Tcheck Ttotal Status Flags
r-devel-linux-x86_64-debian-clang 0.5.1 4.26 35.40 39.66 NOTE
r-devel-linux-x86_64-debian-gcc 0.5.1 3.18 27.62 30.80 NOTE
r-devel-linux-x86_64-fedora-clang 0.5.1 49.65 NOTE
r-devel-linux-x86_64-fedora-gcc 0.5.1 47.16 NOTE
r-devel-windows-x86_64 0.5.1 6.00 49.00 55.00 NOTE
r-patched-linux-x86_64 0.5.1 4.03 33.93 37.96 NOTE
r-release-linux-x86_64 0.5.1 4.57 33.64 38.21 NOTE
r-release-macos-arm64 0.5.1 21.00 NOTE
r-release-macos-x86_64 0.5.1 30.00 NOTE
r-release-windows-x86_64 0.5.1 6.00 50.00 56.00 NOTE
r-oldrel-macos-arm64 0.5.1 18.00 NOTE
r-oldrel-macos-x86_64 0.5.1 30.00 NOTE
r-oldrel-windows-x86_64 0.5.1 7.00 55.00 62.00 NOTE

Check Details

Version: 0.5.1
Check: LazyData
Result: NOTE
     'LazyData' is specified without a 'data' directory
Flavors: r-devel-linux-x86_64-debian-clang, r-devel-linux-x86_64-debian-gcc, r-devel-linux-x86_64-fedora-clang, r-devel-linux-x86_64-fedora-gcc, r-devel-windows-x86_64, r-patched-linux-x86_64, r-release-linux-x86_64, r-release-macos-arm64, r-release-macos-x86_64, r-release-windows-x86_64, r-oldrel-macos-arm64, r-oldrel-macos-x86_64, r-oldrel-windows-x86_64