CRAN Package Check Results for Package credule

Last updated on 2022-01-26 23:50:14 CET.

Flavor Version Tinstall Tcheck Ttotal Status Flags
r-devel-linux-x86_64-debian-clang 0.1.4 2.72 33.13 35.85 OK
r-devel-linux-x86_64-debian-gcc 0.1.4 2.24 25.40 27.64 OK
r-devel-linux-x86_64-fedora-clang 0.1.4 43.65 NOTE
r-devel-linux-x86_64-fedora-gcc 0.1.4 32.19 NOTE
r-devel-windows-x86_64-new-UL 0.1.4 23.00 55.00 78.00 OK
r-devel-windows-x86_64-new-TK 0.1.4 OK
r-patched-linux-x86_64 0.1.4 2.51 28.39 30.90 OK
r-release-linux-x86_64 0.1.4 2.14 29.33 31.47 OK
r-release-macos-arm64 0.1.4 OK
r-release-macos-x86_64 0.1.4 OK
r-release-windows-ix86+x86_64 0.1.4 8.00 49.00 57.00 OK
r-oldrel-macos-x86_64 0.1.4 OK
r-oldrel-windows-ix86+x86_64 0.1.4 8.00 45.00 53.00 OK

Check Details

Version: 0.1.4
Check: compiled code
Result: NOTE
    File ‘credule/libs/credule.so’:
     Found no calls to: ‘R_registerRoutines’, ‘R_useDynamicSymbols’
    
    It is good practice to register native routines and to disable symbol
    search.
    
    See ‘Writing portable packages’ in the ‘Writing R Extensions’ manual.
Flavors: r-devel-linux-x86_64-fedora-clang, r-devel-linux-x86_64-fedora-gcc