CRAN Package Check Results for Package cragg

Last updated on 2021-09-23 23:50:02 CEST.

Flavor Version Tinstall Tcheck Ttotal Status Flags
r-devel-linux-x86_64-debian-clang 0.0.1 2.16 32.55 34.71 NOTE
r-devel-linux-x86_64-debian-gcc 0.0.1 1.56 25.76 27.32 NOTE
r-devel-linux-x86_64-fedora-clang 0.0.1 51.59 NOTE
r-devel-linux-x86_64-fedora-gcc 0.0.1 41.56 NOTE
r-devel-windows-x86_64 0.0.1 3.00 44.00 47.00 NOTE
r-devel-windows-x86_64-gcc10-UCRT 0.0.1 NOTE
r-patched-linux-x86_64 0.0.1 2.18 31.99 34.17 NOTE
r-patched-solaris-x86 0.0.1 63.10 NOTE
r-release-linux-x86_64 0.0.1 1.84 32.21 34.05 NOTE
r-release-macos-arm64 0.0.1 NOTE
r-release-macos-x86_64 0.0.1 NOTE
r-release-windows-ix86+x86_64 0.0.1 5.00 42.00 47.00 NOTE
r-oldrel-macos-x86_64 0.0.1 OK
r-oldrel-windows-ix86+x86_64 0.0.1 4.00 38.00 42.00 OK

Check Details

Version: 0.0.1
Check: LazyData
Result: NOTE
     'LazyData' is specified without a 'data' directory
Flavors: r-devel-linux-x86_64-debian-clang, r-devel-linux-x86_64-debian-gcc, r-devel-linux-x86_64-fedora-clang, r-devel-linux-x86_64-fedora-gcc, r-devel-windows-x86_64, r-devel-windows-x86_64-gcc10-UCRT, r-patched-linux-x86_64, r-patched-solaris-x86, r-release-linux-x86_64, r-release-macos-arm64, r-release-macos-x86_64, r-release-windows-ix86+x86_64